{"id":165440,"date":"2026-09-01T15:06:23","date_gmt":"2026-09-01T13:06:23","guid":{"rendered":"https:\/\/msk.lodz.pl\/?post_type=mec-events&#038;p=165440"},"modified":"2026-09-01T15:06:23","modified_gmt":"2026-09-01T13:06:23","slug":"zegnaj-lato-na-rok-impreza-plenerowa-wydarzenie-2","status":"publish","type":"mec-events","link":"https:\/\/msk.lodz.pl\/en\/msk\/zegnaj-lato-na-rok-impreza-plenerowa-wydarzenie-2\/","title":{"rendered":"&#8222;\u017begnaj lato na rok&#8221; impreza plenerowa \/\/ wydarzenie"},"content":{"rendered":"<p>Astronomiczna jesie\u0144 rozpoczyna si\u0119 w momencie r\u00f3wnonocy jesiennej, to czas, gdy dzie\u0144 i noc s\u0105 niemal r\u00f3wnej d\u0142ugo\u015bci. Od tego momentu dni b\u0119d\u0105 coraz kr\u00f3tsze, a przyroda powoli zacznie zmienia\u0107 swoje barwy. To dla nas znak, \u017ce musimy po\u017cegna\u0107 lato i pi\u0119knie przywita\u0107 jesie\u0144. I zanim na dobre wyci\u0105gniemy z szaf cieplejsze swetry, zatrzymamy na troch\u0119 letni\u0105 energi\u0119. Zapraszamy, wi\u0119c w \u015brod\u0119 23 wrze\u015bnia 2026 | 13:00-16:00 na Skwer Poet\u00f3w za budynkiem MSK: Teofil\u00f3w na imprez\u0119 plenerow\u0105 \u201e\u017begnaj lato na rok\u201d.<\/p>\n<p>&nbsp;<\/p>\n<p>B\u0119dzie swobodnie, tw\u00f3rczo i muzycznie. Czekaj\u0105 na Was gry stolikowe, troch\u0119 artystycznego tworzenia podczas malowania, a tak\u017ce wyj\u0105tkowa jesienna ozdoba, kt\u00f3r\u0105 b\u0119dzie mo\u017cna wykona\u0107 w\u0142asnor\u0119cznie. A na zako\u0144czenie spotkania koncert, kt\u00f3ry mamy nadziej\u0119, pozwoli nam jeszcze przez chwil\u0119 poczu\u0107 wakacyjny klimat.<\/p>\n<p>&nbsp;<\/p>\n<p>Przyjd\u017acie sp\u0119dzi\u0107 z nami ostatnie chwile lata przy dobrej muzyce, kreatywnej zabawie i w mi\u0142ym s\u0105siedzkim towarzystwie.<\/p>\n<p>Impreza dofinansowana ze \u015brodk\u00f3w Rady Osiedla Teofil\u00f3w-Wielkopolska.<\/p>\n<p>&nbsp;<\/p>","protected":false},"excerpt":{"rendered":"<p>Astronomiczna jesie\u0144 rozpoczyna si\u0119 w momencie r\u00f3wnonocy jesiennej, to czas, gdy dzie\u0144 i noc s\u0105 niemal r\u00f3wnej d\u0142ugo\u015bci. Od tego momentu dni b\u0119d\u0105 coraz kr\u00f3tsze, a przyroda powoli zacznie zmienia\u0107 swoje barwy. To dla nas znak, \u017ce musimy po\u017cegna\u0107 lato i pi\u0119knie przywita\u0107 jesie\u0144. I zanim na dobre wyci\u0105gniemy z szaf cieplejsze swetry, zatrzymamy na [&hellip;]<\/p>\n","protected":false},"author":15,"featured_media":0,"comment_status":"closed","ping_status":"closed","template":"","tags":[],"mec_category":[405,389,368,394,397,361],"class_list":["post-165440","mec-events","type-mec-events","status-publish","hentry","mec_category-aktualnosci","mec_category-dorosli","mec_category-dzieci","mec_category-mlodziez","mec_category-seniorzy","mec_category-wydarzenia"],"yoast_head":"<!-- This site is optimized with the Yoast SEO plugin v28.3 - https:\/\/yoast.com\/product\/yoast-seo-wordpress\/ -->\n<title>&quot;\u017begnaj lato na rok&quot; impreza plenerowa \/\/ wydarzenie - MSK<\/title>\n<meta name=\"robots\" content=\"index, follow, max-snippet:-1, max-image-preview:large, max-video-preview:-1\" \/>\n<link rel=\"canonical\" href=\"https:\/\/msk.lodz.pl\/en\/msk\/zegnaj-lato-na-rok-impreza-plenerowa-wydarzenie-2\/\" \/>\n<meta property=\"og:locale\" content=\"en_GB\" \/>\n<meta property=\"og:type\" content=\"article\" \/>\n<meta property=\"og:title\" content=\"&quot;\u017begnaj lato na rok&quot; impreza plenerowa \/\/ wydarzenie - MSK\" \/>\n<meta property=\"og:description\" content=\"Astronomiczna jesie\u0144 rozpoczyna si\u0119 w momencie r\u00f3wnonocy jesiennej, to czas, gdy dzie\u0144 i noc s\u0105 niemal r\u00f3wnej d\u0142ugo\u015bci. Od tego momentu dni b\u0119d\u0105 coraz kr\u00f3tsze, a przyroda powoli zacznie zmienia\u0107 swoje barwy. To dla nas znak, \u017ce musimy po\u017cegna\u0107 lato i pi\u0119knie przywita\u0107 jesie\u0144. I zanim na dobre wyci\u0105gniemy z szaf cieplejsze swetry, zatrzymamy na [&hellip;]\" \/>\n<meta property=\"og:url\" content=\"https:\/\/msk.lodz.pl\/en\/msk\/zegnaj-lato-na-rok-impreza-plenerowa-wydarzenie-2\/\" \/>\n<meta property=\"og:site_name\" content=\"MSK\" \/>\n<meta property=\"og:image\" content=\"https:\/\/msk.lodz.pl\/wp-content\/uploads\/2025\/12\/1.png\" \/>\n\t<meta property=\"og:image:width\" content=\"1413\" \/>\n\t<meta property=\"og:image:height\" content=\"779\" \/>\n\t<meta property=\"og:image:type\" content=\"image\/png\" \/>\n<meta name=\"twitter:card\" content=\"summary_large_image\" \/>\n<meta name=\"twitter:label1\" content=\"Estimated reading time\" \/>\n\t<meta name=\"twitter:data1\" content=\"1 minute\" \/>\n<script type=\"application\/ld+json\" class=\"yoast-schema-graph\">{\"@context\":\"https:\\\/\\\/schema.org\",\"@graph\":[{\"@type\":\"WebPage\",\"@id\":\"https:\\\/\\\/msk.lodz.pl\\\/msk\\\/zegnaj-lato-na-rok-impreza-plenerowa-wydarzenie-2\\\/\",\"url\":\"https:\\\/\\\/msk.lodz.pl\\\/msk\\\/zegnaj-lato-na-rok-impreza-plenerowa-wydarzenie-2\\\/\",\"name\":\"\\\"\u017begnaj lato na rok\\\" impreza plenerowa \\\/\\\/ wydarzenie - MSK\",\"isPartOf\":{\"@id\":\"https:\\\/\\\/msk.lodz.pl\\\/#website\"},\"datePublished\":\"2026-09-01T13:06:23+00:00\",\"breadcrumb\":{\"@id\":\"https:\\\/\\\/msk.lodz.pl\\\/msk\\\/zegnaj-lato-na-rok-impreza-plenerowa-wydarzenie-2\\\/#breadcrumb\"},\"inLanguage\":\"en-GB\",\"potentialAction\":[{\"@type\":\"ReadAction\",\"target\":[\"https:\\\/\\\/msk.lodz.pl\\\/msk\\\/zegnaj-lato-na-rok-impreza-plenerowa-wydarzenie-2\\\/\"]}]},{\"@type\":\"BreadcrumbList\",\"@id\":\"https:\\\/\\\/msk.lodz.pl\\\/msk\\\/zegnaj-lato-na-rok-impreza-plenerowa-wydarzenie-2\\\/#breadcrumb\",\"itemListElement\":[{\"@type\":\"ListItem\",\"position\":1,\"name\":\"Strona g\u0142\u00f3wna\",\"item\":\"https:\\\/\\\/msk.lodz.pl\\\/\"},{\"@type\":\"ListItem\",\"position\":2,\"name\":\"Wydarzenia\",\"item\":\"https:\\\/\\\/msk.lodz.pl\\\/msk\\\/\"},{\"@type\":\"ListItem\",\"position\":3,\"name\":\"&#8222;\u017begnaj lato na rok&#8221; impreza plenerowa \\\/\\\/ wydarzenie\"}]},{\"@type\":\"WebSite\",\"@id\":\"https:\\\/\\\/msk.lodz.pl\\\/#website\",\"url\":\"https:\\\/\\\/msk.lodz.pl\\\/\",\"name\":\"MSK - \u0141\u00f3d\u017a\",\"description\":\"\",\"publisher\":{\"@id\":\"https:\\\/\\\/msk.lodz.pl\\\/#organization\"},\"potentialAction\":[{\"@type\":\"SearchAction\",\"target\":{\"@type\":\"EntryPoint\",\"urlTemplate\":\"https:\\\/\\\/msk.lodz.pl\\\/?s={search_term_string}\"},\"query-input\":{\"@type\":\"PropertyValueSpecification\",\"valueRequired\":true,\"valueName\":\"search_term_string\"}}],\"inLanguage\":\"en-GB\"},{\"@type\":\"Organization\",\"@id\":\"https:\\\/\\\/msk.lodz.pl\\\/#organization\",\"name\":\"MSK - \u0141\u00f3d\u017a\",\"url\":\"https:\\\/\\\/msk.lodz.pl\\\/\",\"logo\":{\"@type\":\"ImageObject\",\"inLanguage\":\"en-GB\",\"@id\":\"https:\\\/\\\/msk.lodz.pl\\\/#\\\/schema\\\/logo\\\/image\\\/\",\"url\":\"https:\\\/\\\/msk.lodz.pl\\\/wp-content\\\/uploads\\\/2023\\\/04\\\/cropped-Fav_icon_MSK.png\",\"contentUrl\":\"https:\\\/\\\/msk.lodz.pl\\\/wp-content\\\/uploads\\\/2023\\\/04\\\/cropped-Fav_icon_MSK.png\",\"width\":512,\"height\":512,\"caption\":\"MSK - \u0141\u00f3d\u017a\"},\"image\":{\"@id\":\"https:\\\/\\\/msk.lodz.pl\\\/#\\\/schema\\\/logo\\\/image\\\/\"}}]}<\/script>\n<!-- \/ Yoast SEO plugin. -->","yoast_head_json":{"title":"\"\u017begnaj lato na rok\" impreza plenerowa \/\/ wydarzenie - MSK","robots":{"index":"index","follow":"follow","max-snippet":"max-snippet:-1","max-image-preview":"max-image-preview:large","max-video-preview":"max-video-preview:-1"},"canonical":"https:\/\/msk.lodz.pl\/en\/msk\/zegnaj-lato-na-rok-impreza-plenerowa-wydarzenie-2\/","og_locale":"en_GB","og_type":"article","og_title":"\"\u017begnaj lato na rok\" impreza plenerowa \/\/ wydarzenie - MSK","og_description":"Astronomiczna jesie\u0144 rozpoczyna si\u0119 w momencie r\u00f3wnonocy jesiennej, to czas, gdy dzie\u0144 i noc s\u0105 niemal r\u00f3wnej d\u0142ugo\u015bci. Od tego momentu dni b\u0119d\u0105 coraz kr\u00f3tsze, a przyroda powoli zacznie zmienia\u0107 swoje barwy. To dla nas znak, \u017ce musimy po\u017cegna\u0107 lato i pi\u0119knie przywita\u0107 jesie\u0144. I zanim na dobre wyci\u0105gniemy z szaf cieplejsze swetry, zatrzymamy na [&hellip;]","og_url":"https:\/\/msk.lodz.pl\/en\/msk\/zegnaj-lato-na-rok-impreza-plenerowa-wydarzenie-2\/","og_site_name":"MSK","og_image":[{"width":1413,"height":779,"url":"https:\/\/msk.lodz.pl\/wp-content\/uploads\/2025\/12\/1.png","type":"image\/png"}],"twitter_card":"summary_large_image","twitter_misc":{"Estimated reading time":"1 minute"},"schema":{"@context":"https:\/\/schema.org","@graph":[{"@type":"WebPage","@id":"https:\/\/msk.lodz.pl\/msk\/zegnaj-lato-na-rok-impreza-plenerowa-wydarzenie-2\/","url":"https:\/\/msk.lodz.pl\/msk\/zegnaj-lato-na-rok-impreza-plenerowa-wydarzenie-2\/","name":"\"\u017begnaj lato na rok\" impreza plenerowa \/\/ wydarzenie - MSK","isPartOf":{"@id":"https:\/\/msk.lodz.pl\/#website"},"datePublished":"2026-09-01T13:06:23+00:00","breadcrumb":{"@id":"https:\/\/msk.lodz.pl\/msk\/zegnaj-lato-na-rok-impreza-plenerowa-wydarzenie-2\/#breadcrumb"},"inLanguage":"en-GB","potentialAction":[{"@type":"ReadAction","target":["https:\/\/msk.lodz.pl\/msk\/zegnaj-lato-na-rok-impreza-plenerowa-wydarzenie-2\/"]}]},{"@type":"BreadcrumbList","@id":"https:\/\/msk.lodz.pl\/msk\/zegnaj-lato-na-rok-impreza-plenerowa-wydarzenie-2\/#breadcrumb","itemListElement":[{"@type":"ListItem","position":1,"name":"Strona g\u0142\u00f3wna","item":"https:\/\/msk.lodz.pl\/"},{"@type":"ListItem","position":2,"name":"Wydarzenia","item":"https:\/\/msk.lodz.pl\/msk\/"},{"@type":"ListItem","position":3,"name":"&#8222;\u017begnaj lato na rok&#8221; impreza plenerowa \/\/ wydarzenie"}]},{"@type":"WebSite","@id":"https:\/\/msk.lodz.pl\/#website","url":"https:\/\/msk.lodz.pl\/","name":"MSK - \u0141\u00f3d\u017a","description":"","publisher":{"@id":"https:\/\/msk.lodz.pl\/#organization"},"potentialAction":[{"@type":"SearchAction","target":{"@type":"EntryPoint","urlTemplate":"https:\/\/msk.lodz.pl\/?s={search_term_string}"},"query-input":{"@type":"PropertyValueSpecification","valueRequired":true,"valueName":"search_term_string"}}],"inLanguage":"en-GB"},{"@type":"Organization","@id":"https:\/\/msk.lodz.pl\/#organization","name":"MSK - \u0141\u00f3d\u017a","url":"https:\/\/msk.lodz.pl\/","logo":{"@type":"ImageObject","inLanguage":"en-GB","@id":"https:\/\/msk.lodz.pl\/#\/schema\/logo\/image\/","url":"https:\/\/msk.lodz.pl\/wp-content\/uploads\/2023\/04\/cropped-Fav_icon_MSK.png","contentUrl":"https:\/\/msk.lodz.pl\/wp-content\/uploads\/2023\/04\/cropped-Fav_icon_MSK.png","width":512,"height":512,"caption":"MSK - \u0141\u00f3d\u017a"},"image":{"@id":"https:\/\/msk.lodz.pl\/#\/schema\/logo\/image\/"}}]}},"_links":{"self":[{"href":"https:\/\/msk.lodz.pl\/en\/wp-json\/wp\/v2\/mec-events\/165440","targetHints":{"allow":["GET"]}}],"collection":[{"href":"https:\/\/msk.lodz.pl\/en\/wp-json\/wp\/v2\/mec-events"}],"about":[{"href":"https:\/\/msk.lodz.pl\/en\/wp-json\/wp\/v2\/types\/mec-events"}],"author":[{"embeddable":true,"href":"https:\/\/msk.lodz.pl\/en\/wp-json\/wp\/v2\/users\/15"}],"replies":[{"embeddable":true,"href":"https:\/\/msk.lodz.pl\/en\/wp-json\/wp\/v2\/comments?post=165440"}],"wp:attachment":[{"href":"https:\/\/msk.lodz.pl\/en\/wp-json\/wp\/v2\/media?parent=165440"}],"wp:term":[{"taxonomy":"post_tag","embeddable":true,"href":"https:\/\/msk.lodz.pl\/en\/wp-json\/wp\/v2\/tags?post=165440"},{"taxonomy":"mec_category","embeddable":true,"href":"https:\/\/msk.lodz.pl\/en\/wp-json\/wp\/v2\/mec_category?post=165440"}],"curies":[{"name":"wp","href":"https:\/\/api.w.org\/{rel}","templated":true}]}}

&#8222;Żegnaj lato na rok&#8221; impreza plenerowa // wydarzenie

<p>Astronomiczna jesień rozpoczyna się w momencie równonocy jesiennej, to czas, gdy dzień i noc są niemal równej długości. Od tego momentu dni będą coraz krótsze, a przyroda powoli zacznie zmieniać swoje barwy. To dla nas znak, że musimy pożegnać lato i pięknie przywitać jesień. I zanim na dobre wyciągniemy z szaf cieplejsze swetry, zatrzymamy na trochę letnią energię. Zapraszamy, więc w środę 23 września 2026 | 13:00-16:00 na Skwer Poetów za budynkiem MSK: Teofilów na imprezę plenerową „Żegnaj lato na rok”.</p>
<p>&nbsp;</p>
<p>Będzie swobodnie, twórczo i muzycznie. Czekają na Was gry stolikowe, trochę artystycznego tworzenia podczas malowania, a także wyjątkowa jesienna ozdoba, którą będzie można wykonać własnoręcznie. A na zakończenie spotkania koncert, który mamy nadzieję, pozwoli nam jeszcze przez chwilę poczuć wakacyjny klimat.</p>
<p>&nbsp;</p>
<p>Przyjdźcie spędzić z nami ostatnie chwile lata przy dobrej muzyce, kreatywnej zabawie i w miłym sąsiedzkim towarzystwie.</p>
<p>Impreza dofinansowana ze środków Rady Osiedla Teofilów-Wielkopolska.</p>
<p>&nbsp;</p>

<p>Astronomiczna jesień rozpoczyna się w momencie równonocy jesiennej, to czas, gdy dzień i noc są niemal równej długości. Od tego momentu dni będą coraz krótsze, a przyroda powoli zacznie zmieniać swoje barwy. To dla nas znak, że musimy pożegnać lato i pięknie przywitać jesień. I zanim na dobre wyciągniemy z szaf cieplejsze swetry, zatrzymamy na [&hellip;]</p>

<!-- This site is optimized with the Yoast SEO plugin v28.3 - https://yoast.com/product/yoast-seo-wordpress/ -->
<title>&quot;Żegnaj lato na rok&quot; impreza plenerowa // wydarzenie - MSK</title>
<meta name="robots" content="index, follow, max-snippet:-1, max-image-preview:large, max-video-preview:-1" />
<link rel="canonical" href="https://msk.lodz.pl/en/msk/zegnaj-lato-na-rok-impreza-plenerowa-wydarzenie-2/" />
<meta property="og:locale" content="en_GB" />
<meta property="og:type" content="article" />
<meta property="og:title" content="&quot;Żegnaj lato na rok&quot; impreza plenerowa // wydarzenie - MSK" />
<meta property="og:description" content="Astronomiczna jesień rozpoczyna się w momencie równonocy jesiennej, to czas, gdy dzień i noc są niemal równej długości. Od tego momentu dni będą coraz krótsze, a przyroda powoli zacznie zmieniać swoje barwy. To dla nas znak, że musimy pożegnać lato i pięknie przywitać jesień. I zanim na dobre wyciągniemy z szaf cieplejsze swetry, zatrzymamy na [&hellip;]" />
<meta property="og:url" content="https://msk.lodz.pl/en/msk/zegnaj-lato-na-rok-impreza-plenerowa-wydarzenie-2/" />
<meta property="og:site_name" content="MSK" />
<meta property="og:image" content="https://msk.lodz.pl/wp-content/uploads/2025/12/1.png" />
	<meta property="og:image:width" content="1413" />
	<meta property="og:image:height" content="779" />
	<meta property="og:image:type" content="image/png" />
<meta name="twitter:card" content="summary_large_image" />
<meta name="twitter:label1" content="Estimated reading time" />
	<meta name="twitter:data1" content="1 minute" />
<script type="application/ld+json" class="yoast-schema-graph">{"@context":"https:\/\/schema.org","@graph":[{"@type":"WebPage","@id":"https:\/\/msk.lodz.pl\/msk\/zegnaj-lato-na-rok-impreza-plenerowa-wydarzenie-2\/","url":"https:\/\/msk.lodz.pl\/msk\/zegnaj-lato-na-rok-impreza-plenerowa-wydarzenie-2\/","name":"\"Żegnaj lato na rok\" impreza plenerowa \/\/ wydarzenie - MSK","isPartOf":{"@id":"https:\/\/msk.lodz.pl\/#website"},"datePublished":"2026-09-01T13:06:23+00:00","breadcrumb":{"@id":"https:\/\/msk.lodz.pl\/msk\/zegnaj-lato-na-rok-impreza-plenerowa-wydarzenie-2\/#breadcrumb"},"inLanguage":"en-GB","potentialAction":[{"@type":"ReadAction","target":["https:\/\/msk.lodz.pl\/msk\/zegnaj-lato-na-rok-impreza-plenerowa-wydarzenie-2\/"]}]},{"@type":"BreadcrumbList","@id":"https:\/\/msk.lodz.pl\/msk\/zegnaj-lato-na-rok-impreza-plenerowa-wydarzenie-2\/#breadcrumb","itemListElement":[{"@type":"ListItem","position":1,"name":"Strona główna","item":"https:\/\/msk.lodz.pl\/"},{"@type":"ListItem","position":2,"name":"Wydarzenia","item":"https:\/\/msk.lodz.pl\/msk\/"},{"@type":"ListItem","position":3,"name":"&#8222;Żegnaj lato na rok&#8221; impreza plenerowa \/\/ wydarzenie"}]},{"@type":"WebSite","@id":"https:\/\/msk.lodz.pl\/#website","url":"https:\/\/msk.lodz.pl\/","name":"MSK - Łódź","description":"","publisher":{"@id":"https:\/\/msk.lodz.pl\/#organization"},"potentialAction":[{"@type":"SearchAction","target":{"@type":"EntryPoint","urlTemplate":"https:\/\/msk.lodz.pl\/?s={search_term_string}"},"query-input":{"@type":"PropertyValueSpecification","valueRequired":true,"valueName":"search_term_string"}}],"inLanguage":"en-GB"},{"@type":"Organization","@id":"https:\/\/msk.lodz.pl\/#organization","name":"MSK - Łódź","url":"https:\/\/msk.lodz.pl\/","logo":{"@type":"ImageObject","inLanguage":"en-GB","@id":"https:\/\/msk.lodz.pl\/#\/schema\/logo\/image\/","url":"https:\/\/msk.lodz.pl\/wp-content\/uploads\/2023\/04\/cropped-Fav_icon_MSK.png","contentUrl":"https:\/\/msk.lodz.pl\/wp-content\/uploads\/2023\/04\/cropped-Fav_icon_MSK.png","width":512,"height":512,"caption":"MSK - Łódź"},"image":{"@id":"https:\/\/msk.lodz.pl\/#\/schema\/logo\/image\/"}}]}</script>
<!-- / Yoast SEO plugin. -->

"Żegnaj lato na rok" impreza plenerowa // wydarzenie - MSK

Astronomiczna jesień rozpoczyna się w momencie równonocy jesiennej, to czas, gdy dzień i noc są niemal równej długości. Od tego momentu dni będą coraz krótsze, a przyroda powoli zacznie zmieniać swoje barwy. To dla nas znak, że musimy pożegnać lato i pięknie przywitać jesień. I zanim na dobre wyciągniemy z szaf cieplejsze swetry, zatrzymamy na [&hellip;]

Strona główna

MSK - Łódź
