{"id":18018,"date":"2023-09-12T17:51:36","date_gmt":"2023-09-12T15:51:36","guid":{"rendered":"https:\/\/msk.lodz.pl\/?post_type=mec-events&#038;p=18018"},"modified":"2024-02-06T16:43:43","modified_gmt":"2024-02-06T15:43:43","slug":"pawel-czyta-dzieciom-2","status":"publish","type":"mec-events","link":"https:\/\/msk.lodz.pl\/en\/msk\/pawel-czyta-dzieciom-2\/","title":{"rendered":"Pawe\u0142 czyta dzieciom. Czytanie bajek dla dzieci."},"content":{"rendered":"<div class=\"x11i5rnm xat24cr x1mh8g0r x1vvkbs xtlvy1s\"><strong>Chcecie bajki, oto bajka\u2026<\/strong><\/div>\n<div>\n<p><strong>w ramach cyklu \u201ePawe\u0142 czyta dzieciom\u201d zapraszamy do MSK Polesie.<br \/>\n<\/strong><\/p>\n<ul>\n<li class=\"v1v1xdj266r v1v1x11i5rnm v1v1xat24cr v1v1x1mh8g0r v1v1x1vvkbs\">ka\u017cdy drugi pi\u0105tek miesi\u0105ca , o godzinie 18\u00a0<span class=\"v1v1x3nfvp2 v1v1x1j61x8r v1v1x1fcty0u v1v1xdj266r v1v1xhhsvwb v1v1xat24cr v1v1xgzva0m v1v1xxymvpz v1v1xlup9mm v1v1x1kky2od\">\u00a0<\/span><\/li>\n<li class=\"v1v1x11i5rnm v1v1xat24cr v1v1x1mh8g0r v1v1x1vvkbs v1v1xtlvy1s\">miejsce: MSK Polesie, O\u015brodek Sztuki przy ul. Krzemienieckiej 2a<\/li>\n<li class=\"v1v1x11i5rnm v1v1xat24cr v1v1x1mh8g0r v1v1x1vvkbs v1v1xtlvy1s\">wst\u0119p: wolny<\/li>\n<\/ul>\n<div class=\"v1v1x11i5rnm v1v1xat24cr v1v1x1mh8g0r v1v1x1vvkbs v1v1xtlvy1s\"><\/div>\n<div class=\"v1v1x11i5rnm v1v1xat24cr v1v1x1mh8g0r v1v1x1vvkbs v1v1xtlvy1s\">Pawe\u0142 G\u0142owaty \u2013 aktor i re\u017cyser teatralny m\u0142odego pokolenia. Instruktor warsztat\u00f3w artystycznych dla licealist\u00f3w. Animator dzia\u0142a\u0144 o charakterze edukacyjno-teatralnym dla wszystkich grup wiekowych. Gracz w bule. W\u0142a\u015bciciel sferycznego kota.<\/div>\n<\/div>","protected":false},"excerpt":{"rendered":"<p>Chcecie bajki, oto bajka\u2026 w ramach cyklu \u201ePawe\u0142 czyta dzieciom\u201d zapraszamy do MSK Polesie. ka\u017cdy drugi pi\u0105tek miesi\u0105ca , o godzinie 18\u00a0\u00a0 miejsce: MSK Polesie, O\u015brodek Sztuki przy ul. Krzemienieckiej 2a wst\u0119p: wolny Pawe\u0142 G\u0142owaty \u2013 aktor i re\u017cyser teatralny m\u0142odego pokolenia. Instruktor warsztat\u00f3w artystycznych dla licealist\u00f3w. Animator dzia\u0142a\u0144 o charakterze edukacyjno-teatralnym dla wszystkich grup [&hellip;]<\/p>","protected":false},"author":35,"featured_media":18020,"comment_status":"closed","ping_status":"closed","template":"","tags":[],"mec_category":[368,392,433],"class_list":["post-18018","mec-events","type-mec-events","status-publish","has-post-thumbnail","hentry","mec_category-dzieci","mec_category-literatura","mec_category-teatr"],"yoast_head":"<!-- This site is optimized with the Yoast SEO plugin v26.5 - https:\/\/yoast.com\/wordpress\/plugins\/seo\/ -->\n<title>Pawe\u0142 czyta dzieciom. Czytanie bajek dla dzieci. - MSK<\/title>\n<meta name=\"robots\" content=\"index, follow, max-snippet:-1, max-image-preview:large, max-video-preview:-1\" \/>\n<link rel=\"canonical\" href=\"https:\/\/msk.lodz.pl\/en\/msk\/pawel-czyta-dzieciom-2\/\" \/>\n<meta property=\"og:locale\" content=\"en_GB\" \/>\n<meta property=\"og:type\" content=\"article\" \/>\n<meta property=\"og:title\" content=\"Pawe\u0142 czyta dzieciom. Czytanie bajek dla dzieci. - MSK\" \/>\n<meta property=\"og:description\" content=\"Chcecie bajki, oto bajka\u2026 w ramach cyklu \u201ePawe\u0142 czyta dzieciom\u201d zapraszamy do MSK Polesie. ka\u017cdy drugi pi\u0105tek miesi\u0105ca , o godzinie 18\u00a0\u00a0 miejsce: MSK Polesie, O\u015brodek Sztuki przy ul. Krzemienieckiej 2a wst\u0119p: wolny Pawe\u0142 G\u0142owaty \u2013 aktor i re\u017cyser teatralny m\u0142odego pokolenia. Instruktor warsztat\u00f3w artystycznych dla licealist\u00f3w. Animator dzia\u0142a\u0144 o charakterze edukacyjno-teatralnym dla wszystkich grup [&hellip;]\" \/>\n<meta property=\"og:url\" content=\"https:\/\/msk.lodz.pl\/en\/msk\/pawel-czyta-dzieciom-2\/\" \/>\n<meta property=\"og:site_name\" content=\"MSK\" \/>\n<meta property=\"article:modified_time\" content=\"2024-02-06T15:43:43+00:00\" \/>\n<meta property=\"og:image\" content=\"https:\/\/msk.lodz.pl\/wp-content\/uploads\/2023\/09\/www-36.png\" \/>\n\t<meta property=\"og:image:width\" content=\"1424\" \/>\n\t<meta property=\"og:image:height\" content=\"1024\" \/>\n\t<meta property=\"og:image:type\" content=\"image\/png\" \/>\n<meta name=\"twitter:card\" content=\"summary_large_image\" \/>\n<script type=\"application\/ld+json\" class=\"yoast-schema-graph\">{\"@context\":\"https:\/\/schema.org\",\"@graph\":[{\"@type\":\"WebPage\",\"@id\":\"https:\/\/msk.lodz.pl\/msk\/pawel-czyta-dzieciom-2\/\",\"url\":\"https:\/\/msk.lodz.pl\/msk\/pawel-czyta-dzieciom-2\/\",\"name\":\"Pawe\u0142 czyta dzieciom. Czytanie bajek dla dzieci. - MSK\",\"isPartOf\":{\"@id\":\"https:\/\/msk.lodz.pl\/#website\"},\"primaryImageOfPage\":{\"@id\":\"https:\/\/msk.lodz.pl\/msk\/pawel-czyta-dzieciom-2\/#primaryimage\"},\"image\":{\"@id\":\"https:\/\/msk.lodz.pl\/msk\/pawel-czyta-dzieciom-2\/#primaryimage\"},\"thumbnailUrl\":\"https:\/\/msk.lodz.pl\/wp-content\/uploads\/2023\/09\/www-36.png\",\"datePublished\":\"2023-09-12T15:51:36+00:00\",\"dateModified\":\"2024-02-06T15:43:43+00:00\",\"breadcrumb\":{\"@id\":\"https:\/\/msk.lodz.pl\/msk\/pawel-czyta-dzieciom-2\/#breadcrumb\"},\"inLanguage\":\"en-GB\",\"potentialAction\":[{\"@type\":\"ReadAction\",\"target\":[\"https:\/\/msk.lodz.pl\/msk\/pawel-czyta-dzieciom-2\/\"]}]},{\"@type\":\"ImageObject\",\"inLanguage\":\"en-GB\",\"@id\":\"https:\/\/msk.lodz.pl\/msk\/pawel-czyta-dzieciom-2\/#primaryimage\",\"url\":\"https:\/\/msk.lodz.pl\/wp-content\/uploads\/2023\/09\/www-36.png\",\"contentUrl\":\"https:\/\/msk.lodz.pl\/wp-content\/uploads\/2023\/09\/www-36.png\",\"width\":1424,\"height\":1024},{\"@type\":\"BreadcrumbList\",\"@id\":\"https:\/\/msk.lodz.pl\/msk\/pawel-czyta-dzieciom-2\/#breadcrumb\",\"itemListElement\":[{\"@type\":\"ListItem\",\"position\":1,\"name\":\"Strona g\u0142\u00f3wna\",\"item\":\"http:\/\/msk.lodz.pl\/en\/\"},{\"@type\":\"ListItem\",\"position\":2,\"name\":\"Wydarzenia\",\"item\":\"https:\/\/msk.lodz.pl\/msk\/\"},{\"@type\":\"ListItem\",\"position\":3,\"name\":\"Pawe\u0142 czyta dzieciom. Czytanie bajek dla dzieci.\"}]},{\"@type\":\"WebSite\",\"@id\":\"https:\/\/msk.lodz.pl\/#website\",\"url\":\"https:\/\/msk.lodz.pl\/\",\"name\":\"MSK - \u0141\u00f3d\u017a\",\"description\":\"\",\"publisher\":{\"@id\":\"https:\/\/msk.lodz.pl\/#organization\"},\"potentialAction\":[{\"@type\":\"SearchAction\",\"target\":{\"@type\":\"EntryPoint\",\"urlTemplate\":\"https:\/\/msk.lodz.pl\/?s={search_term_string}\"},\"query-input\":{\"@type\":\"PropertyValueSpecification\",\"valueRequired\":true,\"valueName\":\"search_term_string\"}}],\"inLanguage\":\"en-GB\"},{\"@type\":\"Organization\",\"@id\":\"https:\/\/msk.lodz.pl\/#organization\",\"name\":\"MSK - \u0141\u00f3d\u017a\",\"url\":\"https:\/\/msk.lodz.pl\/\",\"logo\":{\"@type\":\"ImageObject\",\"inLanguage\":\"en-GB\",\"@id\":\"https:\/\/msk.lodz.pl\/#\/schema\/logo\/image\/\",\"url\":\"https:\/\/msk.lodz.pl\/wp-content\/uploads\/2023\/04\/cropped-Fav_icon_MSK.png\",\"contentUrl\":\"https:\/\/msk.lodz.pl\/wp-content\/uploads\/2023\/04\/cropped-Fav_icon_MSK.png\",\"width\":512,\"height\":512,\"caption\":\"MSK - \u0141\u00f3d\u017a\"},\"image\":{\"@id\":\"https:\/\/msk.lodz.pl\/#\/schema\/logo\/image\/\"}}]}<\/script>\n<!-- \/ Yoast SEO plugin. -->","yoast_head_json":{"title":"Pawe\u0142 czyta dzieciom. Czytanie bajek dla dzieci. - MSK","robots":{"index":"index","follow":"follow","max-snippet":"max-snippet:-1","max-image-preview":"max-image-preview:large","max-video-preview":"max-video-preview:-1"},"canonical":"https:\/\/msk.lodz.pl\/en\/msk\/pawel-czyta-dzieciom-2\/","og_locale":"en_GB","og_type":"article","og_title":"Pawe\u0142 czyta dzieciom. Czytanie bajek dla dzieci. - MSK","og_description":"Chcecie bajki, oto bajka\u2026 w ramach cyklu \u201ePawe\u0142 czyta dzieciom\u201d zapraszamy do MSK Polesie. ka\u017cdy drugi pi\u0105tek miesi\u0105ca , o godzinie 18\u00a0\u00a0 miejsce: MSK Polesie, O\u015brodek Sztuki przy ul. Krzemienieckiej 2a wst\u0119p: wolny Pawe\u0142 G\u0142owaty \u2013 aktor i re\u017cyser teatralny m\u0142odego pokolenia. Instruktor warsztat\u00f3w artystycznych dla licealist\u00f3w. Animator dzia\u0142a\u0144 o charakterze edukacyjno-teatralnym dla wszystkich grup [&hellip;]","og_url":"https:\/\/msk.lodz.pl\/en\/msk\/pawel-czyta-dzieciom-2\/","og_site_name":"MSK","article_modified_time":"2024-02-06T15:43:43+00:00","og_image":[{"width":1424,"height":1024,"url":"https:\/\/msk.lodz.pl\/wp-content\/uploads\/2023\/09\/www-36.png","type":"image\/png"}],"twitter_card":"summary_large_image","schema":{"@context":"https:\/\/schema.org","@graph":[{"@type":"WebPage","@id":"https:\/\/msk.lodz.pl\/msk\/pawel-czyta-dzieciom-2\/","url":"https:\/\/msk.lodz.pl\/msk\/pawel-czyta-dzieciom-2\/","name":"Pawe\u0142 czyta dzieciom. Czytanie bajek dla dzieci. - MSK","isPartOf":{"@id":"https:\/\/msk.lodz.pl\/#website"},"primaryImageOfPage":{"@id":"https:\/\/msk.lodz.pl\/msk\/pawel-czyta-dzieciom-2\/#primaryimage"},"image":{"@id":"https:\/\/msk.lodz.pl\/msk\/pawel-czyta-dzieciom-2\/#primaryimage"},"thumbnailUrl":"https:\/\/msk.lodz.pl\/wp-content\/uploads\/2023\/09\/www-36.png","datePublished":"2023-09-12T15:51:36+00:00","dateModified":"2024-02-06T15:43:43+00:00","breadcrumb":{"@id":"https:\/\/msk.lodz.pl\/msk\/pawel-czyta-dzieciom-2\/#breadcrumb"},"inLanguage":"en-GB","potentialAction":[{"@type":"ReadAction","target":["https:\/\/msk.lodz.pl\/msk\/pawel-czyta-dzieciom-2\/"]}]},{"@type":"ImageObject","inLanguage":"en-GB","@id":"https:\/\/msk.lodz.pl\/msk\/pawel-czyta-dzieciom-2\/#primaryimage","url":"https:\/\/msk.lodz.pl\/wp-content\/uploads\/2023\/09\/www-36.png","contentUrl":"https:\/\/msk.lodz.pl\/wp-content\/uploads\/2023\/09\/www-36.png","width":1424,"height":1024},{"@type":"BreadcrumbList","@id":"https:\/\/msk.lodz.pl\/msk\/pawel-czyta-dzieciom-2\/#breadcrumb","itemListElement":[{"@type":"ListItem","position":1,"name":"Strona g\u0142\u00f3wna","item":"http:\/\/msk.lodz.pl\/en\/"},{"@type":"ListItem","position":2,"name":"Wydarzenia","item":"https:\/\/msk.lodz.pl\/msk\/"},{"@type":"ListItem","position":3,"name":"Pawe\u0142 czyta dzieciom. Czytanie bajek dla dzieci."}]},{"@type":"WebSite","@id":"https:\/\/msk.lodz.pl\/#website","url":"https:\/\/msk.lodz.pl\/","name":"MSK - \u0141\u00f3d\u017a","description":"","publisher":{"@id":"https:\/\/msk.lodz.pl\/#organization"},"potentialAction":[{"@type":"SearchAction","target":{"@type":"EntryPoint","urlTemplate":"https:\/\/msk.lodz.pl\/?s={search_term_string}"},"query-input":{"@type":"PropertyValueSpecification","valueRequired":true,"valueName":"search_term_string"}}],"inLanguage":"en-GB"},{"@type":"Organization","@id":"https:\/\/msk.lodz.pl\/#organization","name":"MSK - \u0141\u00f3d\u017a","url":"https:\/\/msk.lodz.pl\/","logo":{"@type":"ImageObject","inLanguage":"en-GB","@id":"https:\/\/msk.lodz.pl\/#\/schema\/logo\/image\/","url":"https:\/\/msk.lodz.pl\/wp-content\/uploads\/2023\/04\/cropped-Fav_icon_MSK.png","contentUrl":"https:\/\/msk.lodz.pl\/wp-content\/uploads\/2023\/04\/cropped-Fav_icon_MSK.png","width":512,"height":512,"caption":"MSK - \u0141\u00f3d\u017a"},"image":{"@id":"https:\/\/msk.lodz.pl\/#\/schema\/logo\/image\/"}}]}},"_links":{"self":[{"href":"https:\/\/msk.lodz.pl\/en\/wp-json\/wp\/v2\/mec-events\/18018","targetHints":{"allow":["GET"]}}],"collection":[{"href":"https:\/\/msk.lodz.pl\/en\/wp-json\/wp\/v2\/mec-events"}],"about":[{"href":"https:\/\/msk.lodz.pl\/en\/wp-json\/wp\/v2\/types\/mec-events"}],"author":[{"embeddable":true,"href":"https:\/\/msk.lodz.pl\/en\/wp-json\/wp\/v2\/users\/35"}],"replies":[{"embeddable":true,"href":"https:\/\/msk.lodz.pl\/en\/wp-json\/wp\/v2\/comments?post=18018"}],"wp:featuredmedia":[{"embeddable":true,"href":"https:\/\/msk.lodz.pl\/en\/wp-json\/wp\/v2\/media\/18020"}],"wp:attachment":[{"href":"https:\/\/msk.lodz.pl\/en\/wp-json\/wp\/v2\/media?parent=18018"}],"wp:term":[{"taxonomy":"post_tag","embeddable":true,"href":"https:\/\/msk.lodz.pl\/en\/wp-json\/wp\/v2\/tags?post=18018"},{"taxonomy":"mec_category","embeddable":true,"href":"https:\/\/msk.lodz.pl\/en\/wp-json\/wp\/v2\/mec_category?post=18018"}],"curies":[{"name":"wp","href":"https:\/\/api.w.org\/{rel}","templated":true}]}}

Paweł czyta dzieciom. Czytanie bajek dla dzieci.

<div class="x11i5rnm xat24cr x1mh8g0r x1vvkbs xtlvy1s"><strong>Chcecie bajki, oto bajka…</strong></div>
<div>
<p><strong>w ramach cyklu „Paweł czyta dzieciom” zapraszamy do MSK Polesie.<br />
</strong></p>
<ul>
<li class="v1v1xdj266r v1v1x11i5rnm v1v1xat24cr v1v1x1mh8g0r v1v1x1vvkbs">każdy drugi piątek miesiąca , o godzinie 18 <span class="v1v1x3nfvp2 v1v1x1j61x8r v1v1x1fcty0u v1v1xdj266r v1v1xhhsvwb v1v1xat24cr v1v1xgzva0m v1v1xxymvpz v1v1xlup9mm v1v1x1kky2od"> </span></li>
<li class="v1v1x11i5rnm v1v1xat24cr v1v1x1mh8g0r v1v1x1vvkbs v1v1xtlvy1s">miejsce: MSK Polesie, Ośrodek Sztuki przy ul. Krzemienieckiej 2a</li>
<li class="v1v1x11i5rnm v1v1xat24cr v1v1x1mh8g0r v1v1x1vvkbs v1v1xtlvy1s">wstęp: wolny</li>
</ul>
<div class="v1v1x11i5rnm v1v1xat24cr v1v1x1mh8g0r v1v1x1vvkbs v1v1xtlvy1s"></div>
<div class="v1v1x11i5rnm v1v1xat24cr v1v1x1mh8g0r v1v1x1vvkbs v1v1xtlvy1s">Paweł Głowaty – aktor i reżyser teatralny młodego pokolenia. Instruktor warsztatów artystycznych dla licealistów. Animator działań o charakterze edukacyjno-teatralnym dla wszystkich grup wiekowych. Gracz w bule. Właściciel sferycznego kota.</div>
</div>

<p>Chcecie bajki, oto bajka… w ramach cyklu „Paweł czyta dzieciom” zapraszamy do MSK Polesie. każdy drugi piątek miesiąca , o godzinie 18   miejsce: MSK Polesie, Ośrodek Sztuki przy ul. Krzemienieckiej 2a wstęp: wolny Paweł Głowaty – aktor i reżyser teatralny młodego pokolenia. Instruktor warsztatów artystycznych dla licealistów. Animator działań o charakterze edukacyjno-teatralnym dla wszystkich grup [&hellip;]</p>

<!-- This site is optimized with the Yoast SEO plugin v26.5 - https://yoast.com/wordpress/plugins/seo/ -->
<title>Paweł czyta dzieciom. Czytanie bajek dla dzieci. - MSK</title>
<meta name="robots" content="index, follow, max-snippet:-1, max-image-preview:large, max-video-preview:-1" />
<link rel="canonical" href="https://msk.lodz.pl/en/msk/pawel-czyta-dzieciom-2/" />
<meta property="og:locale" content="en_GB" />
<meta property="og:type" content="article" />
<meta property="og:title" content="Paweł czyta dzieciom. Czytanie bajek dla dzieci. - MSK" />
<meta property="og:description" content="Chcecie bajki, oto bajka… w ramach cyklu „Paweł czyta dzieciom” zapraszamy do MSK Polesie. każdy drugi piątek miesiąca , o godzinie 18   miejsce: MSK Polesie, Ośrodek Sztuki przy ul. Krzemienieckiej 2a wstęp: wolny Paweł Głowaty – aktor i reżyser teatralny młodego pokolenia. Instruktor warsztatów artystycznych dla licealistów. Animator działań o charakterze edukacyjno-teatralnym dla wszystkich grup [&hellip;]" />
<meta property="og:url" content="https://msk.lodz.pl/en/msk/pawel-czyta-dzieciom-2/" />
<meta property="og:site_name" content="MSK" />
<meta property="article:modified_time" content="2024-02-06T15:43:43+00:00" />
<meta property="og:image" content="https://msk.lodz.pl/wp-content/uploads/2023/09/www-36.png" />
	<meta property="og:image:width" content="1424" />
	<meta property="og:image:height" content="1024" />
	<meta property="og:image:type" content="image/png" />
<meta name="twitter:card" content="summary_large_image" />
<script type="application/ld+json" class="yoast-schema-graph">{"@context":"https://schema.org","@graph":[{"@type":"WebPage","@id":"https://msk.lodz.pl/msk/pawel-czyta-dzieciom-2/","url":"https://msk.lodz.pl/msk/pawel-czyta-dzieciom-2/","name":"Paweł czyta dzieciom. Czytanie bajek dla dzieci. - MSK","isPartOf":{"@id":"https://msk.lodz.pl/#website"},"primaryImageOfPage":{"@id":"https://msk.lodz.pl/msk/pawel-czyta-dzieciom-2/#primaryimage"},"image":{"@id":"https://msk.lodz.pl/msk/pawel-czyta-dzieciom-2/#primaryimage"},"thumbnailUrl":"https://msk.lodz.pl/wp-content/uploads/2023/09/www-36.png","datePublished":"2023-09-12T15:51:36+00:00","dateModified":"2024-02-06T15:43:43+00:00","breadcrumb":{"@id":"https://msk.lodz.pl/msk/pawel-czyta-dzieciom-2/#breadcrumb"},"inLanguage":"en-GB","potentialAction":[{"@type":"ReadAction","target":["https://msk.lodz.pl/msk/pawel-czyta-dzieciom-2/"]}]},{"@type":"ImageObject","inLanguage":"en-GB","@id":"https://msk.lodz.pl/msk/pawel-czyta-dzieciom-2/#primaryimage","url":"https://msk.lodz.pl/wp-content/uploads/2023/09/www-36.png","contentUrl":"https://msk.lodz.pl/wp-content/uploads/2023/09/www-36.png","width":1424,"height":1024},{"@type":"BreadcrumbList","@id":"https://msk.lodz.pl/msk/pawel-czyta-dzieciom-2/#breadcrumb","itemListElement":[{"@type":"ListItem","position":1,"name":"Strona główna","item":"http://msk.lodz.pl/en/"},{"@type":"ListItem","position":2,"name":"Wydarzenia","item":"https://msk.lodz.pl/msk/"},{"@type":"ListItem","position":3,"name":"Paweł czyta dzieciom. Czytanie bajek dla dzieci."}]},{"@type":"WebSite","@id":"https://msk.lodz.pl/#website","url":"https://msk.lodz.pl/","name":"MSK - Łódź","description":"","publisher":{"@id":"https://msk.lodz.pl/#organization"},"potentialAction":[{"@type":"SearchAction","target":{"@type":"EntryPoint","urlTemplate":"https://msk.lodz.pl/?s={search_term_string}"},"query-input":{"@type":"PropertyValueSpecification","valueRequired":true,"valueName":"search_term_string"}}],"inLanguage":"en-GB"},{"@type":"Organization","@id":"https://msk.lodz.pl/#organization","name":"MSK - Łódź","url":"https://msk.lodz.pl/","logo":{"@type":"ImageObject","inLanguage":"en-GB","@id":"https://msk.lodz.pl/#/schema/logo/image/","url":"https://msk.lodz.pl/wp-content/uploads/2023/04/cropped-Fav_icon_MSK.png","contentUrl":"https://msk.lodz.pl/wp-content/uploads/2023/04/cropped-Fav_icon_MSK.png","width":512,"height":512,"caption":"MSK - Łódź"},"image":{"@id":"https://msk.lodz.pl/#/schema/logo/image/"}}]}</script>
<!-- / Yoast SEO plugin. -->

Paweł czyta dzieciom. Czytanie bajek dla dzieci. - MSK

Chcecie bajki, oto bajka… w ramach cyklu „Paweł czyta dzieciom” zapraszamy do MSK Polesie. każdy drugi piątek miesiąca , o godzinie 18   miejsce: MSK Polesie, Ośrodek Sztuki przy ul. Krzemienieckiej 2a wstęp: wolny Paweł Głowaty – aktor i reżyser teatralny młodego pokolenia. Instruktor warsztatów artystycznych dla licealistów. Animator działań o charakterze edukacyjno-teatralnym dla wszystkich grup [&hellip;]

Strona główna

MSK - Łódź
