{"id":24830,"date":"2023-11-02T15:48:00","date_gmt":"2023-11-02T14:48:00","guid":{"rendered":"https:\/\/msk.lodz.pl\/?post_type=mec-events&#038;p=24830"},"modified":"2023-11-15T11:16:13","modified_gmt":"2023-11-15T10:16:13","slug":"slowolot-2-118-566","status":"publish","type":"mec-events","link":"https:\/\/msk.lodz.pl\/en\/msk\/slowolot-2-118-566\/","title":{"rendered":"Lataj S\u0142owolotem &#8211; pisanie kreatywne dla senior\u00f3w \/\/ Zaj\u0119cia sta\u0142e \/\/ XII"},"content":{"rendered":"<p>Przygodowe rozwijanie kompetencji j\u0119zykowych czyli \u0107wiczenie umiej\u0119tno\u015bci poznawczych (percepcji, uwagi), trening pami\u0119ci sensorycznej, operacyjnej, d\u0142ugotrwa\u0142ej, \u0107wiczenie koncentracji, kojarzenia fakt\u00f3w, wzmacnianie po\u0142\u0105cze\u0144 neuronalnych, integracja bilateralna (\u0107wiczenie po\u0142\u0105cze\u0144 prawej i lewej p\u00f3\u0142kuli = wzrost kreatywno\u015bci), zapobieganie starzeniu si\u0119 m\u00f3zgu \/ wzrost sprawno\u015bci intelektualnej.<\/p>\n<p>Grupa: 60+<\/p>\n<p>\u015arody od godziny 10 do 11.30<\/p>\n<p>Zaj\u0119cia wystartuj\u0105 kiedy uzbiera si\u0119 grupa min. 5 os\u00f3b.<\/p>\n<p>Prowadz\u0105cy: Tomasz Kubicki<\/p>","protected":false},"excerpt":{"rendered":"<p>Przygodowe rozwijanie kompetencji j\u0119zykowych czyli \u0107wiczenie umiej\u0119tno\u015bci poznawczych (percepcji, uwagi), trening pami\u0119ci sensorycznej, operacyjnej, d\u0142ugotrwa\u0142ej, \u0107wiczenie koncentracji, kojarzenia fakt\u00f3w, wzmacnianie po\u0142\u0105cze\u0144 neuronalnych, integracja bilateralna (\u0107wiczenie po\u0142\u0105cze\u0144 prawej i lewej p\u00f3\u0142kuli = wzrost kreatywno\u015bci), zapobieganie starzeniu si\u0119 m\u00f3zgu \/ wzrost sprawno\u015bci intelektualnej. Grupa: 60+ \u015arody od godziny 10 do 11.30 Zaj\u0119cia wystartuj\u0105 kiedy uzbiera si\u0119 grupa [&hellip;]<\/p>","protected":false},"author":3,"featured_media":14153,"comment_status":"closed","ping_status":"closed","template":"","tags":[],"mec_category":[358,392,397,371],"class_list":["post-24830","mec-events","type-mec-events","status-publish","has-post-thumbnail","hentry","mec_category-kluby-zainteresowan","mec_category-literatura","mec_category-seniorzy","mec_category-zajecia"],"yoast_head":"<!-- This site is optimized with the Yoast SEO plugin v26.5 - https:\/\/yoast.com\/wordpress\/plugins\/seo\/ -->\n<title>Lataj S\u0142owolotem - pisanie kreatywne dla senior\u00f3w \/\/ Zaj\u0119cia sta\u0142e \/\/ XII - MSK<\/title>\n<meta name=\"robots\" content=\"index, follow, max-snippet:-1, max-image-preview:large, max-video-preview:-1\" \/>\n<link rel=\"canonical\" href=\"https:\/\/msk.lodz.pl\/en\/msk\/slowolot-2-118-566\/\" \/>\n<meta property=\"og:locale\" content=\"en_GB\" \/>\n<meta property=\"og:type\" content=\"article\" \/>\n<meta property=\"og:title\" content=\"Lataj S\u0142owolotem - pisanie kreatywne dla senior\u00f3w \/\/ Zaj\u0119cia sta\u0142e \/\/ XII - MSK\" \/>\n<meta property=\"og:description\" content=\"Przygodowe rozwijanie kompetencji j\u0119zykowych czyli \u0107wiczenie umiej\u0119tno\u015bci poznawczych (percepcji, uwagi), trening pami\u0119ci sensorycznej, operacyjnej, d\u0142ugotrwa\u0142ej, \u0107wiczenie koncentracji, kojarzenia fakt\u00f3w, wzmacnianie po\u0142\u0105cze\u0144 neuronalnych, integracja bilateralna (\u0107wiczenie po\u0142\u0105cze\u0144 prawej i lewej p\u00f3\u0142kuli = wzrost kreatywno\u015bci), zapobieganie starzeniu si\u0119 m\u00f3zgu \/ wzrost sprawno\u015bci intelektualnej. Grupa: 60+ \u015arody od godziny 10 do 11.30 Zaj\u0119cia wystartuj\u0105 kiedy uzbiera si\u0119 grupa [&hellip;]\" \/>\n<meta property=\"og:url\" content=\"https:\/\/msk.lodz.pl\/en\/msk\/slowolot-2-118-566\/\" \/>\n<meta property=\"og:site_name\" content=\"MSK\" \/>\n<meta property=\"article:modified_time\" content=\"2023-11-15T10:16:13+00:00\" \/>\n<meta property=\"og:image\" content=\"https:\/\/msk.lodz.pl\/wp-content\/uploads\/2023\/07\/www-31-1024x736.png\" \/>\n\t<meta property=\"og:image:width\" content=\"1024\" \/>\n\t<meta property=\"og:image:height\" content=\"736\" \/>\n\t<meta property=\"og:image:type\" content=\"image\/png\" \/>\n<meta name=\"twitter:card\" content=\"summary_large_image\" \/>\n<script type=\"application\/ld+json\" class=\"yoast-schema-graph\">{\"@context\":\"https:\/\/schema.org\",\"@graph\":[{\"@type\":\"WebPage\",\"@id\":\"https:\/\/msk.lodz.pl\/msk\/slowolot-2-118-566\/\",\"url\":\"https:\/\/msk.lodz.pl\/msk\/slowolot-2-118-566\/\",\"name\":\"Lataj S\u0142owolotem - pisanie kreatywne dla senior\u00f3w \/\/ Zaj\u0119cia sta\u0142e \/\/ XII - MSK\",\"isPartOf\":{\"@id\":\"https:\/\/msk.lodz.pl\/#website\"},\"primaryImageOfPage\":{\"@id\":\"https:\/\/msk.lodz.pl\/msk\/slowolot-2-118-566\/#primaryimage\"},\"image\":{\"@id\":\"https:\/\/msk.lodz.pl\/msk\/slowolot-2-118-566\/#primaryimage\"},\"thumbnailUrl\":\"https:\/\/msk.lodz.pl\/wp-content\/uploads\/2023\/07\/www-31.png\",\"datePublished\":\"2023-11-02T14:48:00+00:00\",\"dateModified\":\"2023-11-15T10:16:13+00:00\",\"breadcrumb\":{\"@id\":\"https:\/\/msk.lodz.pl\/msk\/slowolot-2-118-566\/#breadcrumb\"},\"inLanguage\":\"en-GB\",\"potentialAction\":[{\"@type\":\"ReadAction\",\"target\":[\"https:\/\/msk.lodz.pl\/msk\/slowolot-2-118-566\/\"]}]},{\"@type\":\"ImageObject\",\"inLanguage\":\"en-GB\",\"@id\":\"https:\/\/msk.lodz.pl\/msk\/slowolot-2-118-566\/#primaryimage\",\"url\":\"https:\/\/msk.lodz.pl\/wp-content\/uploads\/2023\/07\/www-31.png\",\"contentUrl\":\"https:\/\/msk.lodz.pl\/wp-content\/uploads\/2023\/07\/www-31.png\",\"width\":1424,\"height\":1024},{\"@type\":\"BreadcrumbList\",\"@id\":\"https:\/\/msk.lodz.pl\/msk\/slowolot-2-118-566\/#breadcrumb\",\"itemListElement\":[{\"@type\":\"ListItem\",\"position\":1,\"name\":\"Strona g\u0142\u00f3wna\",\"item\":\"http:\/\/msk.lodz.pl\/en\/\"},{\"@type\":\"ListItem\",\"position\":2,\"name\":\"Wydarzenia\",\"item\":\"https:\/\/msk.lodz.pl\/msk\/\"},{\"@type\":\"ListItem\",\"position\":3,\"name\":\"Lataj S\u0142owolotem &#8211; pisanie kreatywne dla senior\u00f3w \/\/ Zaj\u0119cia sta\u0142e \/\/ XII\"}]},{\"@type\":\"WebSite\",\"@id\":\"https:\/\/msk.lodz.pl\/#website\",\"url\":\"https:\/\/msk.lodz.pl\/\",\"name\":\"MSK - \u0141\u00f3d\u017a\",\"description\":\"\",\"publisher\":{\"@id\":\"https:\/\/msk.lodz.pl\/#organization\"},\"potentialAction\":[{\"@type\":\"SearchAction\",\"target\":{\"@type\":\"EntryPoint\",\"urlTemplate\":\"https:\/\/msk.lodz.pl\/?s={search_term_string}\"},\"query-input\":{\"@type\":\"PropertyValueSpecification\",\"valueRequired\":true,\"valueName\":\"search_term_string\"}}],\"inLanguage\":\"en-GB\"},{\"@type\":\"Organization\",\"@id\":\"https:\/\/msk.lodz.pl\/#organization\",\"name\":\"MSK - \u0141\u00f3d\u017a\",\"url\":\"https:\/\/msk.lodz.pl\/\",\"logo\":{\"@type\":\"ImageObject\",\"inLanguage\":\"en-GB\",\"@id\":\"https:\/\/msk.lodz.pl\/#\/schema\/logo\/image\/\",\"url\":\"https:\/\/msk.lodz.pl\/wp-content\/uploads\/2023\/04\/cropped-Fav_icon_MSK.png\",\"contentUrl\":\"https:\/\/msk.lodz.pl\/wp-content\/uploads\/2023\/04\/cropped-Fav_icon_MSK.png\",\"width\":512,\"height\":512,\"caption\":\"MSK - \u0141\u00f3d\u017a\"},\"image\":{\"@id\":\"https:\/\/msk.lodz.pl\/#\/schema\/logo\/image\/\"}}]}<\/script>\n<!-- \/ Yoast SEO plugin. -->","yoast_head_json":{"title":"Lataj S\u0142owolotem - pisanie kreatywne dla senior\u00f3w \/\/ Zaj\u0119cia sta\u0142e \/\/ XII - MSK","robots":{"index":"index","follow":"follow","max-snippet":"max-snippet:-1","max-image-preview":"max-image-preview:large","max-video-preview":"max-video-preview:-1"},"canonical":"https:\/\/msk.lodz.pl\/en\/msk\/slowolot-2-118-566\/","og_locale":"en_GB","og_type":"article","og_title":"Lataj S\u0142owolotem - pisanie kreatywne dla senior\u00f3w \/\/ Zaj\u0119cia sta\u0142e \/\/ XII - MSK","og_description":"Przygodowe rozwijanie kompetencji j\u0119zykowych czyli \u0107wiczenie umiej\u0119tno\u015bci poznawczych (percepcji, uwagi), trening pami\u0119ci sensorycznej, operacyjnej, d\u0142ugotrwa\u0142ej, \u0107wiczenie koncentracji, kojarzenia fakt\u00f3w, wzmacnianie po\u0142\u0105cze\u0144 neuronalnych, integracja bilateralna (\u0107wiczenie po\u0142\u0105cze\u0144 prawej i lewej p\u00f3\u0142kuli = wzrost kreatywno\u015bci), zapobieganie starzeniu si\u0119 m\u00f3zgu \/ wzrost sprawno\u015bci intelektualnej. Grupa: 60+ \u015arody od godziny 10 do 11.30 Zaj\u0119cia wystartuj\u0105 kiedy uzbiera si\u0119 grupa [&hellip;]","og_url":"https:\/\/msk.lodz.pl\/en\/msk\/slowolot-2-118-566\/","og_site_name":"MSK","article_modified_time":"2023-11-15T10:16:13+00:00","og_image":[{"width":1024,"height":736,"url":"https:\/\/msk.lodz.pl\/wp-content\/uploads\/2023\/07\/www-31-1024x736.png","type":"image\/png"}],"twitter_card":"summary_large_image","schema":{"@context":"https:\/\/schema.org","@graph":[{"@type":"WebPage","@id":"https:\/\/msk.lodz.pl\/msk\/slowolot-2-118-566\/","url":"https:\/\/msk.lodz.pl\/msk\/slowolot-2-118-566\/","name":"Lataj S\u0142owolotem - pisanie kreatywne dla senior\u00f3w \/\/ Zaj\u0119cia sta\u0142e \/\/ XII - MSK","isPartOf":{"@id":"https:\/\/msk.lodz.pl\/#website"},"primaryImageOfPage":{"@id":"https:\/\/msk.lodz.pl\/msk\/slowolot-2-118-566\/#primaryimage"},"image":{"@id":"https:\/\/msk.lodz.pl\/msk\/slowolot-2-118-566\/#primaryimage"},"thumbnailUrl":"https:\/\/msk.lodz.pl\/wp-content\/uploads\/2023\/07\/www-31.png","datePublished":"2023-11-02T14:48:00+00:00","dateModified":"2023-11-15T10:16:13+00:00","breadcrumb":{"@id":"https:\/\/msk.lodz.pl\/msk\/slowolot-2-118-566\/#breadcrumb"},"inLanguage":"en-GB","potentialAction":[{"@type":"ReadAction","target":["https:\/\/msk.lodz.pl\/msk\/slowolot-2-118-566\/"]}]},{"@type":"ImageObject","inLanguage":"en-GB","@id":"https:\/\/msk.lodz.pl\/msk\/slowolot-2-118-566\/#primaryimage","url":"https:\/\/msk.lodz.pl\/wp-content\/uploads\/2023\/07\/www-31.png","contentUrl":"https:\/\/msk.lodz.pl\/wp-content\/uploads\/2023\/07\/www-31.png","width":1424,"height":1024},{"@type":"BreadcrumbList","@id":"https:\/\/msk.lodz.pl\/msk\/slowolot-2-118-566\/#breadcrumb","itemListElement":[{"@type":"ListItem","position":1,"name":"Strona g\u0142\u00f3wna","item":"http:\/\/msk.lodz.pl\/en\/"},{"@type":"ListItem","position":2,"name":"Wydarzenia","item":"https:\/\/msk.lodz.pl\/msk\/"},{"@type":"ListItem","position":3,"name":"Lataj S\u0142owolotem &#8211; pisanie kreatywne dla senior\u00f3w \/\/ Zaj\u0119cia sta\u0142e \/\/ XII"}]},{"@type":"WebSite","@id":"https:\/\/msk.lodz.pl\/#website","url":"https:\/\/msk.lodz.pl\/","name":"MSK - \u0141\u00f3d\u017a","description":"","publisher":{"@id":"https:\/\/msk.lodz.pl\/#organization"},"potentialAction":[{"@type":"SearchAction","target":{"@type":"EntryPoint","urlTemplate":"https:\/\/msk.lodz.pl\/?s={search_term_string}"},"query-input":{"@type":"PropertyValueSpecification","valueRequired":true,"valueName":"search_term_string"}}],"inLanguage":"en-GB"},{"@type":"Organization","@id":"https:\/\/msk.lodz.pl\/#organization","name":"MSK - \u0141\u00f3d\u017a","url":"https:\/\/msk.lodz.pl\/","logo":{"@type":"ImageObject","inLanguage":"en-GB","@id":"https:\/\/msk.lodz.pl\/#\/schema\/logo\/image\/","url":"https:\/\/msk.lodz.pl\/wp-content\/uploads\/2023\/04\/cropped-Fav_icon_MSK.png","contentUrl":"https:\/\/msk.lodz.pl\/wp-content\/uploads\/2023\/04\/cropped-Fav_icon_MSK.png","width":512,"height":512,"caption":"MSK - \u0141\u00f3d\u017a"},"image":{"@id":"https:\/\/msk.lodz.pl\/#\/schema\/logo\/image\/"}}]}},"_links":{"self":[{"href":"https:\/\/msk.lodz.pl\/en\/wp-json\/wp\/v2\/mec-events\/24830","targetHints":{"allow":["GET"]}}],"collection":[{"href":"https:\/\/msk.lodz.pl\/en\/wp-json\/wp\/v2\/mec-events"}],"about":[{"href":"https:\/\/msk.lodz.pl\/en\/wp-json\/wp\/v2\/types\/mec-events"}],"author":[{"embeddable":true,"href":"https:\/\/msk.lodz.pl\/en\/wp-json\/wp\/v2\/users\/3"}],"replies":[{"embeddable":true,"href":"https:\/\/msk.lodz.pl\/en\/wp-json\/wp\/v2\/comments?post=24830"}],"wp:featuredmedia":[{"embeddable":true,"href":"https:\/\/msk.lodz.pl\/en\/wp-json\/wp\/v2\/media\/14153"}],"wp:attachment":[{"href":"https:\/\/msk.lodz.pl\/en\/wp-json\/wp\/v2\/media?parent=24830"}],"wp:term":[{"taxonomy":"post_tag","embeddable":true,"href":"https:\/\/msk.lodz.pl\/en\/wp-json\/wp\/v2\/tags?post=24830"},{"taxonomy":"mec_category","embeddable":true,"href":"https:\/\/msk.lodz.pl\/en\/wp-json\/wp\/v2\/mec_category?post=24830"}],"curies":[{"name":"wp","href":"https:\/\/api.w.org\/{rel}","templated":true}]}}

Lataj Słowolotem &#8211; pisanie kreatywne dla seniorów // Zajęcia stałe // XII

<p>Przygodowe rozwijanie kompetencji językowych czyli ćwiczenie umiejętności poznawczych (percepcji, uwagi), trening pamięci sensorycznej, operacyjnej, długotrwałej, ćwiczenie koncentracji, kojarzenia faktów, wzmacnianie połączeń neuronalnych, integracja bilateralna (ćwiczenie połączeń prawej i lewej półkuli = wzrost kreatywności), zapobieganie starzeniu się mózgu / wzrost sprawności intelektualnej.</p>
<p>Grupa: 60+</p>
<p>Środy od godziny 10 do 11.30</p>
<p>Zajęcia wystartują kiedy uzbiera się grupa min. 5 osób.</p>
<p>Prowadzący: Tomasz Kubicki</p>

<p>Przygodowe rozwijanie kompetencji językowych czyli ćwiczenie umiejętności poznawczych (percepcji, uwagi), trening pamięci sensorycznej, operacyjnej, długotrwałej, ćwiczenie koncentracji, kojarzenia faktów, wzmacnianie połączeń neuronalnych, integracja bilateralna (ćwiczenie połączeń prawej i lewej półkuli = wzrost kreatywności), zapobieganie starzeniu się mózgu / wzrost sprawności intelektualnej. Grupa: 60+ Środy od godziny 10 do 11.30 Zajęcia wystartują kiedy uzbiera się grupa [&hellip;]</p>

<!-- This site is optimized with the Yoast SEO plugin v26.5 - https://yoast.com/wordpress/plugins/seo/ -->
<title>Lataj Słowolotem - pisanie kreatywne dla seniorów // Zajęcia stałe // XII - MSK</title>
<meta name="robots" content="index, follow, max-snippet:-1, max-image-preview:large, max-video-preview:-1" />
<link rel="canonical" href="https://msk.lodz.pl/en/msk/slowolot-2-118-566/" />
<meta property="og:locale" content="en_GB" />
<meta property="og:type" content="article" />
<meta property="og:title" content="Lataj Słowolotem - pisanie kreatywne dla seniorów // Zajęcia stałe // XII - MSK" />
<meta property="og:description" content="Przygodowe rozwijanie kompetencji językowych czyli ćwiczenie umiejętności poznawczych (percepcji, uwagi), trening pamięci sensorycznej, operacyjnej, długotrwałej, ćwiczenie koncentracji, kojarzenia faktów, wzmacnianie połączeń neuronalnych, integracja bilateralna (ćwiczenie połączeń prawej i lewej półkuli = wzrost kreatywności), zapobieganie starzeniu się mózgu / wzrost sprawności intelektualnej. Grupa: 60+ Środy od godziny 10 do 11.30 Zajęcia wystartują kiedy uzbiera się grupa [&hellip;]" />
<meta property="og:url" content="https://msk.lodz.pl/en/msk/slowolot-2-118-566/" />
<meta property="og:site_name" content="MSK" />
<meta property="article:modified_time" content="2023-11-15T10:16:13+00:00" />
<meta property="og:image" content="https://msk.lodz.pl/wp-content/uploads/2023/07/www-31-1024x736.png" />
	<meta property="og:image:width" content="1024" />
	<meta property="og:image:height" content="736" />
	<meta property="og:image:type" content="image/png" />
<meta name="twitter:card" content="summary_large_image" />
<script type="application/ld+json" class="yoast-schema-graph">{"@context":"https://schema.org","@graph":[{"@type":"WebPage","@id":"https://msk.lodz.pl/msk/slowolot-2-118-566/","url":"https://msk.lodz.pl/msk/slowolot-2-118-566/","name":"Lataj Słowolotem - pisanie kreatywne dla seniorów // Zajęcia stałe // XII - MSK","isPartOf":{"@id":"https://msk.lodz.pl/#website"},"primaryImageOfPage":{"@id":"https://msk.lodz.pl/msk/slowolot-2-118-566/#primaryimage"},"image":{"@id":"https://msk.lodz.pl/msk/slowolot-2-118-566/#primaryimage"},"thumbnailUrl":"https://msk.lodz.pl/wp-content/uploads/2023/07/www-31.png","datePublished":"2023-11-02T14:48:00+00:00","dateModified":"2023-11-15T10:16:13+00:00","breadcrumb":{"@id":"https://msk.lodz.pl/msk/slowolot-2-118-566/#breadcrumb"},"inLanguage":"en-GB","potentialAction":[{"@type":"ReadAction","target":["https://msk.lodz.pl/msk/slowolot-2-118-566/"]}]},{"@type":"ImageObject","inLanguage":"en-GB","@id":"https://msk.lodz.pl/msk/slowolot-2-118-566/#primaryimage","url":"https://msk.lodz.pl/wp-content/uploads/2023/07/www-31.png","contentUrl":"https://msk.lodz.pl/wp-content/uploads/2023/07/www-31.png","width":1424,"height":1024},{"@type":"BreadcrumbList","@id":"https://msk.lodz.pl/msk/slowolot-2-118-566/#breadcrumb","itemListElement":[{"@type":"ListItem","position":1,"name":"Strona główna","item":"http://msk.lodz.pl/en/"},{"@type":"ListItem","position":2,"name":"Wydarzenia","item":"https://msk.lodz.pl/msk/"},{"@type":"ListItem","position":3,"name":"Lataj Słowolotem &#8211; pisanie kreatywne dla seniorów // Zajęcia stałe // XII"}]},{"@type":"WebSite","@id":"https://msk.lodz.pl/#website","url":"https://msk.lodz.pl/","name":"MSK - Łódź","description":"","publisher":{"@id":"https://msk.lodz.pl/#organization"},"potentialAction":[{"@type":"SearchAction","target":{"@type":"EntryPoint","urlTemplate":"https://msk.lodz.pl/?s={search_term_string}"},"query-input":{"@type":"PropertyValueSpecification","valueRequired":true,"valueName":"search_term_string"}}],"inLanguage":"en-GB"},{"@type":"Organization","@id":"https://msk.lodz.pl/#organization","name":"MSK - Łódź","url":"https://msk.lodz.pl/","logo":{"@type":"ImageObject","inLanguage":"en-GB","@id":"https://msk.lodz.pl/#/schema/logo/image/","url":"https://msk.lodz.pl/wp-content/uploads/2023/04/cropped-Fav_icon_MSK.png","contentUrl":"https://msk.lodz.pl/wp-content/uploads/2023/04/cropped-Fav_icon_MSK.png","width":512,"height":512,"caption":"MSK - Łódź"},"image":{"@id":"https://msk.lodz.pl/#/schema/logo/image/"}}]}</script>
<!-- / Yoast SEO plugin. -->

Lataj Słowolotem - pisanie kreatywne dla seniorów // Zajęcia stałe // XII - MSK

Przygodowe rozwijanie kompetencji językowych czyli ćwiczenie umiejętności poznawczych (percepcji, uwagi), trening pamięci sensorycznej, operacyjnej, długotrwałej, ćwiczenie koncentracji, kojarzenia faktów, wzmacnianie połączeń neuronalnych, integracja bilateralna (ćwiczenie połączeń prawej i lewej półkuli = wzrost kreatywności), zapobieganie starzeniu się mózgu / wzrost sprawności intelektualnej. Grupa: 60+ Środy od godziny 10 do 11.30 Zajęcia wystartują kiedy uzbiera się grupa [&hellip;]

Strona główna

MSK - Łódź
