{"id":40764,"date":"2024-03-01T18:21:10","date_gmt":"2024-03-01T17:21:10","guid":{"rendered":"https:\/\/msk.lodz.pl\/?post_type=mec-events&#038;p=40764"},"modified":"2024-03-01T18:21:10","modified_gmt":"2024-03-01T17:21:10","slug":"latino-cubana-maraton-wydarzenie","status":"publish","type":"mec-events","link":"https:\/\/msk.lodz.pl\/en\/msk\/latino-cubana-maraton-wydarzenie\/","title":{"rendered":"Latino Cubana &#8211; maraton \/\/ wydarzenie"},"content":{"rendered":"<div class=\"xdj266r x11i5rnm xat24cr x1mh8g0r x1vvkbs\">Czy marzysz o ciep\u0142ym klimacie i egzotycznych podr\u00f3\u017cach a do wakacji jeszcze daleko? Szukasz pomys\u0142u na fajne zaj\u0119cia na kt\u00f3re mo\u017cesz przyj\u015b\u0107 z przyjaci\u00f3\u0142k\u0105?<\/div>\n<div><\/div>\n<div class=\"x11i5rnm xat24cr x1mh8g0r x1vvkbs xtlvy1s\">Je\u015bli tak, to Maraton Latino Cubany jest idealnym wydarzeniem dla Ciebie! Przygotuj si\u0119 na niezapomnian\u0105 przygod\u0119 pe\u0142n\u0105 energii, pasji i kuba\u0144skich rytm\u00f3w. Nasz maraton to \u015bwietna okazja do nawi\u0105zania nowych przyja\u017ani i sp\u0119dzenia czasu w otoczeniu ludzi podzielaj\u0105cych<\/div>\n<div class=\"x11i5rnm xat24cr x1mh8g0r x1vvkbs xtlvy1s\">Twoj\u0105 pasj\u0119 do ta\u0144ca. Gwarantujemy \u015bwietn\u0105 zabaw\u0119 i energetyzuj\u0105c\u0105 muzyk\u0119.<\/p>\n<div class=\"x1i10hfl xjbqb8w x1ejq31n xd10rxx x1sy0etr x17r0tee x972fbf xcfux6l x1qhh985 xm0m39n x9f619 x1ypdohk xt0psk2 xe8uvvx xdj266r x11i5rnm xat24cr x1mh8g0r xexx8yu x4uap5 x18d9i69 xkhd6sd x16tdsg8 x1hl2dhg xggy1nq x1a2a7pz xt0b8zv xzsf02u x1s688f\" tabindex=\"0\" role=\"button\"><\/div>\n<\/div>","protected":false},"excerpt":{"rendered":"<p>Czy marzysz o ciep\u0142ym klimacie i egzotycznych podr\u00f3\u017cach a do wakacji jeszcze daleko? Szukasz pomys\u0142u na fajne zaj\u0119cia na kt\u00f3re mo\u017cesz przyj\u015b\u0107 z przyjaci\u00f3\u0142k\u0105? Je\u015bli tak, to Maraton Latino Cubany jest idealnym wydarzeniem dla Ciebie! Przygotuj si\u0119 na niezapomnian\u0105 przygod\u0119 pe\u0142n\u0105 energii, pasji i kuba\u0144skich rytm\u00f3w. Nasz maraton to \u015bwietna okazja do nawi\u0105zania nowych przyja\u017ani [&hellip;]<\/p>","protected":false},"author":8,"featured_media":40768,"comment_status":"closed","ping_status":"closed","template":"","tags":[],"mec_category":[389,394,398,369,361],"class_list":["post-40764","mec-events","type-mec-events","status-publish","has-post-thumbnail","hentry","mec_category-dorosli","mec_category-mlodziez","mec_category-styl-zycia","mec_category-taniec","mec_category-wydarzenia"],"yoast_head":"<!-- This site is optimized with the Yoast SEO plugin v26.5 - https:\/\/yoast.com\/wordpress\/plugins\/seo\/ -->\n<title>Latino Cubana - maraton \/\/ wydarzenie - MSK<\/title>\n<meta name=\"robots\" content=\"index, follow, max-snippet:-1, max-image-preview:large, max-video-preview:-1\" \/>\n<link rel=\"canonical\" href=\"https:\/\/msk.lodz.pl\/en\/msk\/latino-cubana-maraton-wydarzenie\/\" \/>\n<meta property=\"og:locale\" content=\"en_GB\" \/>\n<meta property=\"og:type\" content=\"article\" \/>\n<meta property=\"og:title\" content=\"Latino Cubana - maraton \/\/ wydarzenie - MSK\" \/>\n<meta property=\"og:description\" content=\"Czy marzysz o ciep\u0142ym klimacie i egzotycznych podr\u00f3\u017cach a do wakacji jeszcze daleko? Szukasz pomys\u0142u na fajne zaj\u0119cia na kt\u00f3re mo\u017cesz przyj\u015b\u0107 z przyjaci\u00f3\u0142k\u0105? Je\u015bli tak, to Maraton Latino Cubany jest idealnym wydarzeniem dla Ciebie! Przygotuj si\u0119 na niezapomnian\u0105 przygod\u0119 pe\u0142n\u0105 energii, pasji i kuba\u0144skich rytm\u00f3w. Nasz maraton to \u015bwietna okazja do nawi\u0105zania nowych przyja\u017ani [&hellip;]\" \/>\n<meta property=\"og:url\" content=\"https:\/\/msk.lodz.pl\/en\/msk\/latino-cubana-maraton-wydarzenie\/\" \/>\n<meta property=\"og:site_name\" content=\"MSK\" \/>\n<meta property=\"og:image\" content=\"https:\/\/msk.lodz.pl\/wp-content\/uploads\/2024\/03\/latino-cubana--1024x683.png\" \/>\n\t<meta property=\"og:image:width\" content=\"1024\" \/>\n\t<meta property=\"og:image:height\" content=\"683\" \/>\n\t<meta property=\"og:image:type\" content=\"image\/png\" \/>\n<meta name=\"twitter:card\" content=\"summary_large_image\" \/>\n<script type=\"application\/ld+json\" class=\"yoast-schema-graph\">{\"@context\":\"https:\/\/schema.org\",\"@graph\":[{\"@type\":\"WebPage\",\"@id\":\"https:\/\/msk.lodz.pl\/msk\/latino-cubana-maraton-wydarzenie\/\",\"url\":\"https:\/\/msk.lodz.pl\/msk\/latino-cubana-maraton-wydarzenie\/\",\"name\":\"Latino Cubana - maraton \/\/ wydarzenie - MSK\",\"isPartOf\":{\"@id\":\"https:\/\/msk.lodz.pl\/#website\"},\"primaryImageOfPage\":{\"@id\":\"https:\/\/msk.lodz.pl\/msk\/latino-cubana-maraton-wydarzenie\/#primaryimage\"},\"image\":{\"@id\":\"https:\/\/msk.lodz.pl\/msk\/latino-cubana-maraton-wydarzenie\/#primaryimage\"},\"thumbnailUrl\":\"https:\/\/msk.lodz.pl\/wp-content\/uploads\/2024\/03\/latino-cubana-.png\",\"datePublished\":\"2024-03-01T17:21:10+00:00\",\"breadcrumb\":{\"@id\":\"https:\/\/msk.lodz.pl\/msk\/latino-cubana-maraton-wydarzenie\/#breadcrumb\"},\"inLanguage\":\"en-GB\",\"potentialAction\":[{\"@type\":\"ReadAction\",\"target\":[\"https:\/\/msk.lodz.pl\/msk\/latino-cubana-maraton-wydarzenie\/\"]}]},{\"@type\":\"ImageObject\",\"inLanguage\":\"en-GB\",\"@id\":\"https:\/\/msk.lodz.pl\/msk\/latino-cubana-maraton-wydarzenie\/#primaryimage\",\"url\":\"https:\/\/msk.lodz.pl\/wp-content\/uploads\/2024\/03\/latino-cubana-.png\",\"contentUrl\":\"https:\/\/msk.lodz.pl\/wp-content\/uploads\/2024\/03\/latino-cubana-.png\",\"width\":2250,\"height\":1500,\"caption\":\"Grafika promuj\u0105ca maraton\"},{\"@type\":\"BreadcrumbList\",\"@id\":\"https:\/\/msk.lodz.pl\/msk\/latino-cubana-maraton-wydarzenie\/#breadcrumb\",\"itemListElement\":[{\"@type\":\"ListItem\",\"position\":1,\"name\":\"Strona g\u0142\u00f3wna\",\"item\":\"http:\/\/msk.lodz.pl\/en\/\"},{\"@type\":\"ListItem\",\"position\":2,\"name\":\"Wydarzenia\",\"item\":\"https:\/\/msk.lodz.pl\/msk\/\"},{\"@type\":\"ListItem\",\"position\":3,\"name\":\"Latino Cubana &#8211; maraton \/\/ wydarzenie\"}]},{\"@type\":\"WebSite\",\"@id\":\"https:\/\/msk.lodz.pl\/#website\",\"url\":\"https:\/\/msk.lodz.pl\/\",\"name\":\"MSK - \u0141\u00f3d\u017a\",\"description\":\"\",\"publisher\":{\"@id\":\"https:\/\/msk.lodz.pl\/#organization\"},\"potentialAction\":[{\"@type\":\"SearchAction\",\"target\":{\"@type\":\"EntryPoint\",\"urlTemplate\":\"https:\/\/msk.lodz.pl\/?s={search_term_string}\"},\"query-input\":{\"@type\":\"PropertyValueSpecification\",\"valueRequired\":true,\"valueName\":\"search_term_string\"}}],\"inLanguage\":\"en-GB\"},{\"@type\":\"Organization\",\"@id\":\"https:\/\/msk.lodz.pl\/#organization\",\"name\":\"MSK - \u0141\u00f3d\u017a\",\"url\":\"https:\/\/msk.lodz.pl\/\",\"logo\":{\"@type\":\"ImageObject\",\"inLanguage\":\"en-GB\",\"@id\":\"https:\/\/msk.lodz.pl\/#\/schema\/logo\/image\/\",\"url\":\"https:\/\/msk.lodz.pl\/wp-content\/uploads\/2023\/04\/cropped-Fav_icon_MSK.png\",\"contentUrl\":\"https:\/\/msk.lodz.pl\/wp-content\/uploads\/2023\/04\/cropped-Fav_icon_MSK.png\",\"width\":512,\"height\":512,\"caption\":\"MSK - \u0141\u00f3d\u017a\"},\"image\":{\"@id\":\"https:\/\/msk.lodz.pl\/#\/schema\/logo\/image\/\"}}]}<\/script>\n<!-- \/ Yoast SEO plugin. -->","yoast_head_json":{"title":"Latino Cubana - maraton \/\/ wydarzenie - MSK","robots":{"index":"index","follow":"follow","max-snippet":"max-snippet:-1","max-image-preview":"max-image-preview:large","max-video-preview":"max-video-preview:-1"},"canonical":"https:\/\/msk.lodz.pl\/en\/msk\/latino-cubana-maraton-wydarzenie\/","og_locale":"en_GB","og_type":"article","og_title":"Latino Cubana - maraton \/\/ wydarzenie - MSK","og_description":"Czy marzysz o ciep\u0142ym klimacie i egzotycznych podr\u00f3\u017cach a do wakacji jeszcze daleko? Szukasz pomys\u0142u na fajne zaj\u0119cia na kt\u00f3re mo\u017cesz przyj\u015b\u0107 z przyjaci\u00f3\u0142k\u0105? Je\u015bli tak, to Maraton Latino Cubany jest idealnym wydarzeniem dla Ciebie! Przygotuj si\u0119 na niezapomnian\u0105 przygod\u0119 pe\u0142n\u0105 energii, pasji i kuba\u0144skich rytm\u00f3w. Nasz maraton to \u015bwietna okazja do nawi\u0105zania nowych przyja\u017ani [&hellip;]","og_url":"https:\/\/msk.lodz.pl\/en\/msk\/latino-cubana-maraton-wydarzenie\/","og_site_name":"MSK","og_image":[{"width":1024,"height":683,"url":"https:\/\/msk.lodz.pl\/wp-content\/uploads\/2024\/03\/latino-cubana--1024x683.png","type":"image\/png"}],"twitter_card":"summary_large_image","schema":{"@context":"https:\/\/schema.org","@graph":[{"@type":"WebPage","@id":"https:\/\/msk.lodz.pl\/msk\/latino-cubana-maraton-wydarzenie\/","url":"https:\/\/msk.lodz.pl\/msk\/latino-cubana-maraton-wydarzenie\/","name":"Latino Cubana - maraton \/\/ wydarzenie - MSK","isPartOf":{"@id":"https:\/\/msk.lodz.pl\/#website"},"primaryImageOfPage":{"@id":"https:\/\/msk.lodz.pl\/msk\/latino-cubana-maraton-wydarzenie\/#primaryimage"},"image":{"@id":"https:\/\/msk.lodz.pl\/msk\/latino-cubana-maraton-wydarzenie\/#primaryimage"},"thumbnailUrl":"https:\/\/msk.lodz.pl\/wp-content\/uploads\/2024\/03\/latino-cubana-.png","datePublished":"2024-03-01T17:21:10+00:00","breadcrumb":{"@id":"https:\/\/msk.lodz.pl\/msk\/latino-cubana-maraton-wydarzenie\/#breadcrumb"},"inLanguage":"en-GB","potentialAction":[{"@type":"ReadAction","target":["https:\/\/msk.lodz.pl\/msk\/latino-cubana-maraton-wydarzenie\/"]}]},{"@type":"ImageObject","inLanguage":"en-GB","@id":"https:\/\/msk.lodz.pl\/msk\/latino-cubana-maraton-wydarzenie\/#primaryimage","url":"https:\/\/msk.lodz.pl\/wp-content\/uploads\/2024\/03\/latino-cubana-.png","contentUrl":"https:\/\/msk.lodz.pl\/wp-content\/uploads\/2024\/03\/latino-cubana-.png","width":2250,"height":1500,"caption":"Grafika promuj\u0105ca maraton"},{"@type":"BreadcrumbList","@id":"https:\/\/msk.lodz.pl\/msk\/latino-cubana-maraton-wydarzenie\/#breadcrumb","itemListElement":[{"@type":"ListItem","position":1,"name":"Strona g\u0142\u00f3wna","item":"http:\/\/msk.lodz.pl\/en\/"},{"@type":"ListItem","position":2,"name":"Wydarzenia","item":"https:\/\/msk.lodz.pl\/msk\/"},{"@type":"ListItem","position":3,"name":"Latino Cubana &#8211; maraton \/\/ wydarzenie"}]},{"@type":"WebSite","@id":"https:\/\/msk.lodz.pl\/#website","url":"https:\/\/msk.lodz.pl\/","name":"MSK - \u0141\u00f3d\u017a","description":"","publisher":{"@id":"https:\/\/msk.lodz.pl\/#organization"},"potentialAction":[{"@type":"SearchAction","target":{"@type":"EntryPoint","urlTemplate":"https:\/\/msk.lodz.pl\/?s={search_term_string}"},"query-input":{"@type":"PropertyValueSpecification","valueRequired":true,"valueName":"search_term_string"}}],"inLanguage":"en-GB"},{"@type":"Organization","@id":"https:\/\/msk.lodz.pl\/#organization","name":"MSK - \u0141\u00f3d\u017a","url":"https:\/\/msk.lodz.pl\/","logo":{"@type":"ImageObject","inLanguage":"en-GB","@id":"https:\/\/msk.lodz.pl\/#\/schema\/logo\/image\/","url":"https:\/\/msk.lodz.pl\/wp-content\/uploads\/2023\/04\/cropped-Fav_icon_MSK.png","contentUrl":"https:\/\/msk.lodz.pl\/wp-content\/uploads\/2023\/04\/cropped-Fav_icon_MSK.png","width":512,"height":512,"caption":"MSK - \u0141\u00f3d\u017a"},"image":{"@id":"https:\/\/msk.lodz.pl\/#\/schema\/logo\/image\/"}}]}},"_links":{"self":[{"href":"https:\/\/msk.lodz.pl\/en\/wp-json\/wp\/v2\/mec-events\/40764","targetHints":{"allow":["GET"]}}],"collection":[{"href":"https:\/\/msk.lodz.pl\/en\/wp-json\/wp\/v2\/mec-events"}],"about":[{"href":"https:\/\/msk.lodz.pl\/en\/wp-json\/wp\/v2\/types\/mec-events"}],"author":[{"embeddable":true,"href":"https:\/\/msk.lodz.pl\/en\/wp-json\/wp\/v2\/users\/8"}],"replies":[{"embeddable":true,"href":"https:\/\/msk.lodz.pl\/en\/wp-json\/wp\/v2\/comments?post=40764"}],"wp:featuredmedia":[{"embeddable":true,"href":"https:\/\/msk.lodz.pl\/en\/wp-json\/wp\/v2\/media\/40768"}],"wp:attachment":[{"href":"https:\/\/msk.lodz.pl\/en\/wp-json\/wp\/v2\/media?parent=40764"}],"wp:term":[{"taxonomy":"post_tag","embeddable":true,"href":"https:\/\/msk.lodz.pl\/en\/wp-json\/wp\/v2\/tags?post=40764"},{"taxonomy":"mec_category","embeddable":true,"href":"https:\/\/msk.lodz.pl\/en\/wp-json\/wp\/v2\/mec_category?post=40764"}],"curies":[{"name":"wp","href":"https:\/\/api.w.org\/{rel}","templated":true}]}}

<div class="xdj266r x11i5rnm xat24cr x1mh8g0r x1vvkbs">Czy marzysz o ciepłym klimacie i egzotycznych podróżach a do wakacji jeszcze daleko? Szukasz pomysłu na fajne zajęcia na które możesz przyjść z przyjaciółką?</div>
<div></div>
<div class="x11i5rnm xat24cr x1mh8g0r x1vvkbs xtlvy1s">Jeśli tak, to Maraton Latino Cubany jest idealnym wydarzeniem dla Ciebie! Przygotuj się na niezapomnianą przygodę pełną energii, pasji i kubańskich rytmów. Nasz maraton to świetna okazja do nawiązania nowych przyjaźni i spędzenia czasu w otoczeniu ludzi podzielających</div>
<div class="x11i5rnm xat24cr x1mh8g0r x1vvkbs xtlvy1s">Twoją pasję do tańca. Gwarantujemy świetną zabawę i energetyzującą muzykę.</p>
<div class="x1i10hfl xjbqb8w x1ejq31n xd10rxx x1sy0etr x17r0tee x972fbf xcfux6l x1qhh985 xm0m39n x9f619 x1ypdohk xt0psk2 xe8uvvx xdj266r x11i5rnm xat24cr x1mh8g0r xexx8yu x4uap5 x18d9i69 xkhd6sd x16tdsg8 x1hl2dhg xggy1nq x1a2a7pz xt0b8zv xzsf02u x1s688f" tabindex="0" role="button"></div>
</div>

<p>Czy marzysz o ciepłym klimacie i egzotycznych podróżach a do wakacji jeszcze daleko? Szukasz pomysłu na fajne zajęcia na które możesz przyjść z przyjaciółką? Jeśli tak, to Maraton Latino Cubany jest idealnym wydarzeniem dla Ciebie! Przygotuj się na niezapomnianą przygodę pełną energii, pasji i kubańskich rytmów. Nasz maraton to świetna okazja do nawiązania nowych przyjaźni [&hellip;]</p>

<!-- This site is optimized with the Yoast SEO plugin v26.5 - https://yoast.com/wordpress/plugins/seo/ -->
<title>Latino Cubana - maraton // wydarzenie - MSK</title>
<meta name="robots" content="index, follow, max-snippet:-1, max-image-preview:large, max-video-preview:-1" />
<link rel="canonical" href="https://msk.lodz.pl/en/msk/latino-cubana-maraton-wydarzenie/" />
<meta property="og:locale" content="en_GB" />
<meta property="og:type" content="article" />
<meta property="og:title" content="Latino Cubana - maraton // wydarzenie - MSK" />
<meta property="og:description" content="Czy marzysz o ciepłym klimacie i egzotycznych podróżach a do wakacji jeszcze daleko? Szukasz pomysłu na fajne zajęcia na które możesz przyjść z przyjaciółką? Jeśli tak, to Maraton Latino Cubany jest idealnym wydarzeniem dla Ciebie! Przygotuj się na niezapomnianą przygodę pełną energii, pasji i kubańskich rytmów. Nasz maraton to świetna okazja do nawiązania nowych przyjaźni [&hellip;]" />
<meta property="og:url" content="https://msk.lodz.pl/en/msk/latino-cubana-maraton-wydarzenie/" />
<meta property="og:site_name" content="MSK" />
<meta property="og:image" content="https://msk.lodz.pl/wp-content/uploads/2024/03/latino-cubana--1024x683.png" />
	<meta property="og:image:width" content="1024" />
	<meta property="og:image:height" content="683" />
	<meta property="og:image:type" content="image/png" />
<meta name="twitter:card" content="summary_large_image" />
<script type="application/ld+json" class="yoast-schema-graph">{"@context":"https://schema.org","@graph":[{"@type":"WebPage","@id":"https://msk.lodz.pl/msk/latino-cubana-maraton-wydarzenie/","url":"https://msk.lodz.pl/msk/latino-cubana-maraton-wydarzenie/","name":"Latino Cubana - maraton // wydarzenie - MSK","isPartOf":{"@id":"https://msk.lodz.pl/#website"},"primaryImageOfPage":{"@id":"https://msk.lodz.pl/msk/latino-cubana-maraton-wydarzenie/#primaryimage"},"image":{"@id":"https://msk.lodz.pl/msk/latino-cubana-maraton-wydarzenie/#primaryimage"},"thumbnailUrl":"https://msk.lodz.pl/wp-content/uploads/2024/03/latino-cubana-.png","datePublished":"2024-03-01T17:21:10+00:00","breadcrumb":{"@id":"https://msk.lodz.pl/msk/latino-cubana-maraton-wydarzenie/#breadcrumb"},"inLanguage":"en-GB","potentialAction":[{"@type":"ReadAction","target":["https://msk.lodz.pl/msk/latino-cubana-maraton-wydarzenie/"]}]},{"@type":"ImageObject","inLanguage":"en-GB","@id":"https://msk.lodz.pl/msk/latino-cubana-maraton-wydarzenie/#primaryimage","url":"https://msk.lodz.pl/wp-content/uploads/2024/03/latino-cubana-.png","contentUrl":"https://msk.lodz.pl/wp-content/uploads/2024/03/latino-cubana-.png","width":2250,"height":1500,"caption":"Grafika promująca maraton"},{"@type":"BreadcrumbList","@id":"https://msk.lodz.pl/msk/latino-cubana-maraton-wydarzenie/#breadcrumb","itemListElement":[{"@type":"ListItem","position":1,"name":"Strona główna","item":"http://msk.lodz.pl/en/"},{"@type":"ListItem","position":2,"name":"Wydarzenia","item":"https://msk.lodz.pl/msk/"},{"@type":"ListItem","position":3,"name":"Latino Cubana &#8211; maraton // wydarzenie"}]},{"@type":"WebSite","@id":"https://msk.lodz.pl/#website","url":"https://msk.lodz.pl/","name":"MSK - Łódź","description":"","publisher":{"@id":"https://msk.lodz.pl/#organization"},"potentialAction":[{"@type":"SearchAction","target":{"@type":"EntryPoint","urlTemplate":"https://msk.lodz.pl/?s={search_term_string}"},"query-input":{"@type":"PropertyValueSpecification","valueRequired":true,"valueName":"search_term_string"}}],"inLanguage":"en-GB"},{"@type":"Organization","@id":"https://msk.lodz.pl/#organization","name":"MSK - Łódź","url":"https://msk.lodz.pl/","logo":{"@type":"ImageObject","inLanguage":"en-GB","@id":"https://msk.lodz.pl/#/schema/logo/image/","url":"https://msk.lodz.pl/wp-content/uploads/2023/04/cropped-Fav_icon_MSK.png","contentUrl":"https://msk.lodz.pl/wp-content/uploads/2023/04/cropped-Fav_icon_MSK.png","width":512,"height":512,"caption":"MSK - Łódź"},"image":{"@id":"https://msk.lodz.pl/#/schema/logo/image/"}}]}</script>
<!-- / Yoast SEO plugin. -->

Czy marzysz o ciepłym klimacie i egzotycznych podróżach a do wakacji jeszcze daleko? Szukasz pomysłu na fajne zajęcia na które możesz przyjść z przyjaciółką? Jeśli tak, to Maraton Latino Cubany jest idealnym wydarzeniem dla Ciebie! Przygotuj się na niezapomnianą przygodę pełną energii, pasji i kubańskich rytmów. Nasz maraton to świetna okazja do nawiązania nowych przyjaźni [&hellip;]

Grafika promująca maraton

Strona główna

MSK - Łódź
