{"id":66377,"date":"2024-10-23T13:21:18","date_gmt":"2024-10-23T11:21:18","guid":{"rendered":"https:\/\/msk.lodz.pl\/?post_type=mec-events&#038;p=66377"},"modified":"2024-10-23T13:21:18","modified_gmt":"2024-10-23T11:21:18","slug":"projekt-you-internal-movement-spotkanie-dla-osob-zainteresowanych-rozwojem-osobistym","status":"publish","type":"mec-events","link":"https:\/\/msk.lodz.pl\/en\/msk\/projekt-you-internal-movement-spotkanie-dla-osob-zainteresowanych-rozwojem-osobistym\/","title":{"rendered":"Projekt You &#8211; internal movement &#8211; spotkanie dla os\u00f3b zainteresowanych rozwojem osobistym"},"content":{"rendered":"<p>Moje miejsce w \u015bwiecie, moje potrzeby, kierunki upragnionego rozwoju, \u0107wiczenia tematyczne \u2013 to obszary, kt\u00f3re b\u0119dziemy odkrywa\u0107 na nowo.<\/p>\n<p>Osoby pojmuj\u0105ce rozw\u00f3j w spos\u00f3b holistyczny zapraszamy do spotkania i rozmowy rozwijaj\u0105cej zar\u00f3wno nasze dyspozycje kreatywne jak i planowanie etapowe. Czy warto si\u0119 redefiniowa\u0107 i tworzy\u0107 sposoby na nowe przygody tw\u00f3rcze i nie tylko?<\/p>\n<p>Obowi\u0105zkowe zapisy: <a href=\"mailto:d.radziewicz@msk.lodz.pl\">d.radziewicz@msk.lodz.pl<\/a>, 42 65336 45, 502 623\u00a0846.<\/p>","protected":false},"excerpt":{"rendered":"<p>Moje miejsce w \u015bwiecie, moje potrzeby, kierunki upragnionego rozwoju, \u0107wiczenia tematyczne \u2013 to obszary, kt\u00f3re b\u0119dziemy odkrywa\u0107 na nowo. Osoby pojmuj\u0105ce rozw\u00f3j w spos\u00f3b holistyczny zapraszamy do spotkania i rozmowy rozwijaj\u0105cej zar\u00f3wno nasze dyspozycje kreatywne jak i planowanie etapowe. Czy warto si\u0119 redefiniowa\u0107 i tworzy\u0107 sposoby na nowe przygody tw\u00f3rcze i nie tylko? Obowi\u0105zkowe zapisy: [&hellip;]<\/p>","protected":false},"author":9,"featured_media":66378,"comment_status":"closed","ping_status":"closed","template":"","tags":[192,194,193,48],"mec_category":[405,389,394,397,398,361],"class_list":["post-66377","mec-events","type-mec-events","status-publish","has-post-thumbnail","hentry","tag-dorosli","tag-mlodziez","tag-seniorzy","tag-styl-zycia","mec_category-aktualnosci","mec_category-dorosli","mec_category-mlodziez","mec_category-seniorzy","mec_category-styl-zycia","mec_category-wydarzenia"],"yoast_head":"<!-- This site is optimized with the Yoast SEO plugin v26.5 - https:\/\/yoast.com\/wordpress\/plugins\/seo\/ -->\n<title>Projekt You - internal movement - spotkanie dla os\u00f3b zainteresowanych rozwojem osobistym - MSK<\/title>\n<meta name=\"robots\" content=\"index, follow, max-snippet:-1, max-image-preview:large, max-video-preview:-1\" \/>\n<link rel=\"canonical\" href=\"https:\/\/msk.lodz.pl\/en\/msk\/projekt-you-internal-movement-spotkanie-dla-osob-zainteresowanych-rozwojem-osobistym\/\" \/>\n<meta property=\"og:locale\" content=\"en_GB\" \/>\n<meta property=\"og:type\" content=\"article\" \/>\n<meta property=\"og:title\" content=\"Projekt You - internal movement - spotkanie dla os\u00f3b zainteresowanych rozwojem osobistym - MSK\" \/>\n<meta property=\"og:description\" content=\"Moje miejsce w \u015bwiecie, moje potrzeby, kierunki upragnionego rozwoju, \u0107wiczenia tematyczne \u2013 to obszary, kt\u00f3re b\u0119dziemy odkrywa\u0107 na nowo. Osoby pojmuj\u0105ce rozw\u00f3j w spos\u00f3b holistyczny zapraszamy do spotkania i rozmowy rozwijaj\u0105cej zar\u00f3wno nasze dyspozycje kreatywne jak i planowanie etapowe. Czy warto si\u0119 redefiniowa\u0107 i tworzy\u0107 sposoby na nowe przygody tw\u00f3rcze i nie tylko? Obowi\u0105zkowe zapisy: [&hellip;]\" \/>\n<meta property=\"og:url\" content=\"https:\/\/msk.lodz.pl\/en\/msk\/projekt-you-internal-movement-spotkanie-dla-osob-zainteresowanych-rozwojem-osobistym\/\" \/>\n<meta property=\"og:site_name\" content=\"MSK\" \/>\n<meta property=\"og:image\" content=\"https:\/\/msk.lodz.pl\/wp-content\/uploads\/2024\/10\/projekt-you.jpg\" \/>\n\t<meta property=\"og:image:width\" content=\"1424\" \/>\n\t<meta property=\"og:image:height\" content=\"1042\" \/>\n\t<meta property=\"og:image:type\" content=\"image\/jpeg\" \/>\n<meta name=\"twitter:card\" content=\"summary_large_image\" \/>\n<script type=\"application\/ld+json\" class=\"yoast-schema-graph\">{\"@context\":\"https:\/\/schema.org\",\"@graph\":[{\"@type\":\"WebPage\",\"@id\":\"https:\/\/msk.lodz.pl\/msk\/projekt-you-internal-movement-spotkanie-dla-osob-zainteresowanych-rozwojem-osobistym\/\",\"url\":\"https:\/\/msk.lodz.pl\/msk\/projekt-you-internal-movement-spotkanie-dla-osob-zainteresowanych-rozwojem-osobistym\/\",\"name\":\"Projekt You - internal movement - spotkanie dla os\u00f3b zainteresowanych rozwojem osobistym - MSK\",\"isPartOf\":{\"@id\":\"https:\/\/msk.lodz.pl\/#website\"},\"primaryImageOfPage\":{\"@id\":\"https:\/\/msk.lodz.pl\/msk\/projekt-you-internal-movement-spotkanie-dla-osob-zainteresowanych-rozwojem-osobistym\/#primaryimage\"},\"image\":{\"@id\":\"https:\/\/msk.lodz.pl\/msk\/projekt-you-internal-movement-spotkanie-dla-osob-zainteresowanych-rozwojem-osobistym\/#primaryimage\"},\"thumbnailUrl\":\"https:\/\/msk.lodz.pl\/wp-content\/uploads\/2024\/10\/projekt-you.jpg\",\"datePublished\":\"2024-10-23T11:21:18+00:00\",\"breadcrumb\":{\"@id\":\"https:\/\/msk.lodz.pl\/msk\/projekt-you-internal-movement-spotkanie-dla-osob-zainteresowanych-rozwojem-osobistym\/#breadcrumb\"},\"inLanguage\":\"en-GB\",\"potentialAction\":[{\"@type\":\"ReadAction\",\"target\":[\"https:\/\/msk.lodz.pl\/msk\/projekt-you-internal-movement-spotkanie-dla-osob-zainteresowanych-rozwojem-osobistym\/\"]}]},{\"@type\":\"ImageObject\",\"inLanguage\":\"en-GB\",\"@id\":\"https:\/\/msk.lodz.pl\/msk\/projekt-you-internal-movement-spotkanie-dla-osob-zainteresowanych-rozwojem-osobistym\/#primaryimage\",\"url\":\"https:\/\/msk.lodz.pl\/wp-content\/uploads\/2024\/10\/projekt-you.jpg\",\"contentUrl\":\"https:\/\/msk.lodz.pl\/wp-content\/uploads\/2024\/10\/projekt-you.jpg\",\"width\":1424,\"height\":1042},{\"@type\":\"BreadcrumbList\",\"@id\":\"https:\/\/msk.lodz.pl\/msk\/projekt-you-internal-movement-spotkanie-dla-osob-zainteresowanych-rozwojem-osobistym\/#breadcrumb\",\"itemListElement\":[{\"@type\":\"ListItem\",\"position\":1,\"name\":\"Strona g\u0142\u00f3wna\",\"item\":\"http:\/\/msk.lodz.pl\/en\/\"},{\"@type\":\"ListItem\",\"position\":2,\"name\":\"Wydarzenia\",\"item\":\"https:\/\/msk.lodz.pl\/msk\/\"},{\"@type\":\"ListItem\",\"position\":3,\"name\":\"Projekt You &#8211; internal movement &#8211; spotkanie dla os\u00f3b zainteresowanych rozwojem osobistym\"}]},{\"@type\":\"WebSite\",\"@id\":\"https:\/\/msk.lodz.pl\/#website\",\"url\":\"https:\/\/msk.lodz.pl\/\",\"name\":\"MSK - \u0141\u00f3d\u017a\",\"description\":\"\",\"publisher\":{\"@id\":\"https:\/\/msk.lodz.pl\/#organization\"},\"potentialAction\":[{\"@type\":\"SearchAction\",\"target\":{\"@type\":\"EntryPoint\",\"urlTemplate\":\"https:\/\/msk.lodz.pl\/?s={search_term_string}\"},\"query-input\":{\"@type\":\"PropertyValueSpecification\",\"valueRequired\":true,\"valueName\":\"search_term_string\"}}],\"inLanguage\":\"en-GB\"},{\"@type\":\"Organization\",\"@id\":\"https:\/\/msk.lodz.pl\/#organization\",\"name\":\"MSK - \u0141\u00f3d\u017a\",\"url\":\"https:\/\/msk.lodz.pl\/\",\"logo\":{\"@type\":\"ImageObject\",\"inLanguage\":\"en-GB\",\"@id\":\"https:\/\/msk.lodz.pl\/#\/schema\/logo\/image\/\",\"url\":\"https:\/\/msk.lodz.pl\/wp-content\/uploads\/2023\/04\/cropped-Fav_icon_MSK.png\",\"contentUrl\":\"https:\/\/msk.lodz.pl\/wp-content\/uploads\/2023\/04\/cropped-Fav_icon_MSK.png\",\"width\":512,\"height\":512,\"caption\":\"MSK - \u0141\u00f3d\u017a\"},\"image\":{\"@id\":\"https:\/\/msk.lodz.pl\/#\/schema\/logo\/image\/\"}}]}<\/script>\n<!-- \/ Yoast SEO plugin. -->","yoast_head_json":{"title":"Projekt You - internal movement - spotkanie dla os\u00f3b zainteresowanych rozwojem osobistym - MSK","robots":{"index":"index","follow":"follow","max-snippet":"max-snippet:-1","max-image-preview":"max-image-preview:large","max-video-preview":"max-video-preview:-1"},"canonical":"https:\/\/msk.lodz.pl\/en\/msk\/projekt-you-internal-movement-spotkanie-dla-osob-zainteresowanych-rozwojem-osobistym\/","og_locale":"en_GB","og_type":"article","og_title":"Projekt You - internal movement - spotkanie dla os\u00f3b zainteresowanych rozwojem osobistym - MSK","og_description":"Moje miejsce w \u015bwiecie, moje potrzeby, kierunki upragnionego rozwoju, \u0107wiczenia tematyczne \u2013 to obszary, kt\u00f3re b\u0119dziemy odkrywa\u0107 na nowo. Osoby pojmuj\u0105ce rozw\u00f3j w spos\u00f3b holistyczny zapraszamy do spotkania i rozmowy rozwijaj\u0105cej zar\u00f3wno nasze dyspozycje kreatywne jak i planowanie etapowe. Czy warto si\u0119 redefiniowa\u0107 i tworzy\u0107 sposoby na nowe przygody tw\u00f3rcze i nie tylko? Obowi\u0105zkowe zapisy: [&hellip;]","og_url":"https:\/\/msk.lodz.pl\/en\/msk\/projekt-you-internal-movement-spotkanie-dla-osob-zainteresowanych-rozwojem-osobistym\/","og_site_name":"MSK","og_image":[{"width":1424,"height":1042,"url":"https:\/\/msk.lodz.pl\/wp-content\/uploads\/2024\/10\/projekt-you.jpg","type":"image\/jpeg"}],"twitter_card":"summary_large_image","schema":{"@context":"https:\/\/schema.org","@graph":[{"@type":"WebPage","@id":"https:\/\/msk.lodz.pl\/msk\/projekt-you-internal-movement-spotkanie-dla-osob-zainteresowanych-rozwojem-osobistym\/","url":"https:\/\/msk.lodz.pl\/msk\/projekt-you-internal-movement-spotkanie-dla-osob-zainteresowanych-rozwojem-osobistym\/","name":"Projekt You - internal movement - spotkanie dla os\u00f3b zainteresowanych rozwojem osobistym - MSK","isPartOf":{"@id":"https:\/\/msk.lodz.pl\/#website"},"primaryImageOfPage":{"@id":"https:\/\/msk.lodz.pl\/msk\/projekt-you-internal-movement-spotkanie-dla-osob-zainteresowanych-rozwojem-osobistym\/#primaryimage"},"image":{"@id":"https:\/\/msk.lodz.pl\/msk\/projekt-you-internal-movement-spotkanie-dla-osob-zainteresowanych-rozwojem-osobistym\/#primaryimage"},"thumbnailUrl":"https:\/\/msk.lodz.pl\/wp-content\/uploads\/2024\/10\/projekt-you.jpg","datePublished":"2024-10-23T11:21:18+00:00","breadcrumb":{"@id":"https:\/\/msk.lodz.pl\/msk\/projekt-you-internal-movement-spotkanie-dla-osob-zainteresowanych-rozwojem-osobistym\/#breadcrumb"},"inLanguage":"en-GB","potentialAction":[{"@type":"ReadAction","target":["https:\/\/msk.lodz.pl\/msk\/projekt-you-internal-movement-spotkanie-dla-osob-zainteresowanych-rozwojem-osobistym\/"]}]},{"@type":"ImageObject","inLanguage":"en-GB","@id":"https:\/\/msk.lodz.pl\/msk\/projekt-you-internal-movement-spotkanie-dla-osob-zainteresowanych-rozwojem-osobistym\/#primaryimage","url":"https:\/\/msk.lodz.pl\/wp-content\/uploads\/2024\/10\/projekt-you.jpg","contentUrl":"https:\/\/msk.lodz.pl\/wp-content\/uploads\/2024\/10\/projekt-you.jpg","width":1424,"height":1042},{"@type":"BreadcrumbList","@id":"https:\/\/msk.lodz.pl\/msk\/projekt-you-internal-movement-spotkanie-dla-osob-zainteresowanych-rozwojem-osobistym\/#breadcrumb","itemListElement":[{"@type":"ListItem","position":1,"name":"Strona g\u0142\u00f3wna","item":"http:\/\/msk.lodz.pl\/en\/"},{"@type":"ListItem","position":2,"name":"Wydarzenia","item":"https:\/\/msk.lodz.pl\/msk\/"},{"@type":"ListItem","position":3,"name":"Projekt You &#8211; internal movement &#8211; spotkanie dla os\u00f3b zainteresowanych rozwojem osobistym"}]},{"@type":"WebSite","@id":"https:\/\/msk.lodz.pl\/#website","url":"https:\/\/msk.lodz.pl\/","name":"MSK - \u0141\u00f3d\u017a","description":"","publisher":{"@id":"https:\/\/msk.lodz.pl\/#organization"},"potentialAction":[{"@type":"SearchAction","target":{"@type":"EntryPoint","urlTemplate":"https:\/\/msk.lodz.pl\/?s={search_term_string}"},"query-input":{"@type":"PropertyValueSpecification","valueRequired":true,"valueName":"search_term_string"}}],"inLanguage":"en-GB"},{"@type":"Organization","@id":"https:\/\/msk.lodz.pl\/#organization","name":"MSK - \u0141\u00f3d\u017a","url":"https:\/\/msk.lodz.pl\/","logo":{"@type":"ImageObject","inLanguage":"en-GB","@id":"https:\/\/msk.lodz.pl\/#\/schema\/logo\/image\/","url":"https:\/\/msk.lodz.pl\/wp-content\/uploads\/2023\/04\/cropped-Fav_icon_MSK.png","contentUrl":"https:\/\/msk.lodz.pl\/wp-content\/uploads\/2023\/04\/cropped-Fav_icon_MSK.png","width":512,"height":512,"caption":"MSK - \u0141\u00f3d\u017a"},"image":{"@id":"https:\/\/msk.lodz.pl\/#\/schema\/logo\/image\/"}}]}},"_links":{"self":[{"href":"https:\/\/msk.lodz.pl\/en\/wp-json\/wp\/v2\/mec-events\/66377","targetHints":{"allow":["GET"]}}],"collection":[{"href":"https:\/\/msk.lodz.pl\/en\/wp-json\/wp\/v2\/mec-events"}],"about":[{"href":"https:\/\/msk.lodz.pl\/en\/wp-json\/wp\/v2\/types\/mec-events"}],"author":[{"embeddable":true,"href":"https:\/\/msk.lodz.pl\/en\/wp-json\/wp\/v2\/users\/9"}],"replies":[{"embeddable":true,"href":"https:\/\/msk.lodz.pl\/en\/wp-json\/wp\/v2\/comments?post=66377"}],"wp:featuredmedia":[{"embeddable":true,"href":"https:\/\/msk.lodz.pl\/en\/wp-json\/wp\/v2\/media\/66378"}],"wp:attachment":[{"href":"https:\/\/msk.lodz.pl\/en\/wp-json\/wp\/v2\/media?parent=66377"}],"wp:term":[{"taxonomy":"post_tag","embeddable":true,"href":"https:\/\/msk.lodz.pl\/en\/wp-json\/wp\/v2\/tags?post=66377"},{"taxonomy":"mec_category","embeddable":true,"href":"https:\/\/msk.lodz.pl\/en\/wp-json\/wp\/v2\/mec_category?post=66377"}],"curies":[{"name":"wp","href":"https:\/\/api.w.org\/{rel}","templated":true}]}}

Projekt You &#8211; internal movement &#8211; spotkanie dla osób zainteresowanych rozwojem osobistym

<p>Moje miejsce w świecie, moje potrzeby, kierunki upragnionego rozwoju, ćwiczenia tematyczne – to obszary, które będziemy odkrywać na nowo.</p>
<p>Osoby pojmujące rozwój w sposób holistyczny zapraszamy do spotkania i rozmowy rozwijającej zarówno nasze dyspozycje kreatywne jak i planowanie etapowe. Czy warto się redefiniować i tworzyć sposoby na nowe przygody twórcze i nie tylko?</p>
<p>Obowiązkowe zapisy: <a href="mailto:d.radziewicz@msk.lodz.pl">d.radziewicz@msk.lodz.pl</a>, 42 65336 45, 502 623 846.</p>

<p>Moje miejsce w świecie, moje potrzeby, kierunki upragnionego rozwoju, ćwiczenia tematyczne – to obszary, które będziemy odkrywać na nowo. Osoby pojmujące rozwój w sposób holistyczny zapraszamy do spotkania i rozmowy rozwijającej zarówno nasze dyspozycje kreatywne jak i planowanie etapowe. Czy warto się redefiniować i tworzyć sposoby na nowe przygody twórcze i nie tylko? Obowiązkowe zapisy: [&hellip;]</p>

<!-- This site is optimized with the Yoast SEO plugin v26.5 - https://yoast.com/wordpress/plugins/seo/ -->
<title>Projekt You - internal movement - spotkanie dla osób zainteresowanych rozwojem osobistym - MSK</title>
<meta name="robots" content="index, follow, max-snippet:-1, max-image-preview:large, max-video-preview:-1" />
<link rel="canonical" href="https://msk.lodz.pl/en/msk/projekt-you-internal-movement-spotkanie-dla-osob-zainteresowanych-rozwojem-osobistym/" />
<meta property="og:locale" content="en_GB" />
<meta property="og:type" content="article" />
<meta property="og:title" content="Projekt You - internal movement - spotkanie dla osób zainteresowanych rozwojem osobistym - MSK" />
<meta property="og:description" content="Moje miejsce w świecie, moje potrzeby, kierunki upragnionego rozwoju, ćwiczenia tematyczne – to obszary, które będziemy odkrywać na nowo. Osoby pojmujące rozwój w sposób holistyczny zapraszamy do spotkania i rozmowy rozwijającej zarówno nasze dyspozycje kreatywne jak i planowanie etapowe. Czy warto się redefiniować i tworzyć sposoby na nowe przygody twórcze i nie tylko? Obowiązkowe zapisy: [&hellip;]" />
<meta property="og:url" content="https://msk.lodz.pl/en/msk/projekt-you-internal-movement-spotkanie-dla-osob-zainteresowanych-rozwojem-osobistym/" />
<meta property="og:site_name" content="MSK" />
<meta property="og:image" content="https://msk.lodz.pl/wp-content/uploads/2024/10/projekt-you.jpg" />
	<meta property="og:image:width" content="1424" />
	<meta property="og:image:height" content="1042" />
	<meta property="og:image:type" content="image/jpeg" />
<meta name="twitter:card" content="summary_large_image" />
<script type="application/ld+json" class="yoast-schema-graph">{"@context":"https://schema.org","@graph":[{"@type":"WebPage","@id":"https://msk.lodz.pl/msk/projekt-you-internal-movement-spotkanie-dla-osob-zainteresowanych-rozwojem-osobistym/","url":"https://msk.lodz.pl/msk/projekt-you-internal-movement-spotkanie-dla-osob-zainteresowanych-rozwojem-osobistym/","name":"Projekt You - internal movement - spotkanie dla osób zainteresowanych rozwojem osobistym - MSK","isPartOf":{"@id":"https://msk.lodz.pl/#website"},"primaryImageOfPage":{"@id":"https://msk.lodz.pl/msk/projekt-you-internal-movement-spotkanie-dla-osob-zainteresowanych-rozwojem-osobistym/#primaryimage"},"image":{"@id":"https://msk.lodz.pl/msk/projekt-you-internal-movement-spotkanie-dla-osob-zainteresowanych-rozwojem-osobistym/#primaryimage"},"thumbnailUrl":"https://msk.lodz.pl/wp-content/uploads/2024/10/projekt-you.jpg","datePublished":"2024-10-23T11:21:18+00:00","breadcrumb":{"@id":"https://msk.lodz.pl/msk/projekt-you-internal-movement-spotkanie-dla-osob-zainteresowanych-rozwojem-osobistym/#breadcrumb"},"inLanguage":"en-GB","potentialAction":[{"@type":"ReadAction","target":["https://msk.lodz.pl/msk/projekt-you-internal-movement-spotkanie-dla-osob-zainteresowanych-rozwojem-osobistym/"]}]},{"@type":"ImageObject","inLanguage":"en-GB","@id":"https://msk.lodz.pl/msk/projekt-you-internal-movement-spotkanie-dla-osob-zainteresowanych-rozwojem-osobistym/#primaryimage","url":"https://msk.lodz.pl/wp-content/uploads/2024/10/projekt-you.jpg","contentUrl":"https://msk.lodz.pl/wp-content/uploads/2024/10/projekt-you.jpg","width":1424,"height":1042},{"@type":"BreadcrumbList","@id":"https://msk.lodz.pl/msk/projekt-you-internal-movement-spotkanie-dla-osob-zainteresowanych-rozwojem-osobistym/#breadcrumb","itemListElement":[{"@type":"ListItem","position":1,"name":"Strona główna","item":"http://msk.lodz.pl/en/"},{"@type":"ListItem","position":2,"name":"Wydarzenia","item":"https://msk.lodz.pl/msk/"},{"@type":"ListItem","position":3,"name":"Projekt You &#8211; internal movement &#8211; spotkanie dla osób zainteresowanych rozwojem osobistym"}]},{"@type":"WebSite","@id":"https://msk.lodz.pl/#website","url":"https://msk.lodz.pl/","name":"MSK - Łódź","description":"","publisher":{"@id":"https://msk.lodz.pl/#organization"},"potentialAction":[{"@type":"SearchAction","target":{"@type":"EntryPoint","urlTemplate":"https://msk.lodz.pl/?s={search_term_string}"},"query-input":{"@type":"PropertyValueSpecification","valueRequired":true,"valueName":"search_term_string"}}],"inLanguage":"en-GB"},{"@type":"Organization","@id":"https://msk.lodz.pl/#organization","name":"MSK - Łódź","url":"https://msk.lodz.pl/","logo":{"@type":"ImageObject","inLanguage":"en-GB","@id":"https://msk.lodz.pl/#/schema/logo/image/","url":"https://msk.lodz.pl/wp-content/uploads/2023/04/cropped-Fav_icon_MSK.png","contentUrl":"https://msk.lodz.pl/wp-content/uploads/2023/04/cropped-Fav_icon_MSK.png","width":512,"height":512,"caption":"MSK - Łódź"},"image":{"@id":"https://msk.lodz.pl/#/schema/logo/image/"}}]}</script>
<!-- / Yoast SEO plugin. -->

Projekt You - internal movement - spotkanie dla osób zainteresowanych rozwojem osobistym - MSK

Moje miejsce w świecie, moje potrzeby, kierunki upragnionego rozwoju, ćwiczenia tematyczne – to obszary, które będziemy odkrywać na nowo. Osoby pojmujące rozwój w sposób holistyczny zapraszamy do spotkania i rozmowy rozwijającej zarówno nasze dyspozycje kreatywne jak i planowanie etapowe. Czy warto się redefiniować i tworzyć sposoby na nowe przygody twórcze i nie tylko? Obowiązkowe zapisy: [&hellip;]

Strona główna

MSK - Łódź
