{"id":77633,"date":"2025-01-06T21:50:22","date_gmt":"2025-01-06T20:50:22","guid":{"rendered":"https:\/\/msk.lodz.pl\/?post_type=mec-events&#038;p=77633"},"modified":"2025-01-29T09:09:37","modified_gmt":"2025-01-29T08:09:37","slug":"koncet-swiateczno-noworoczny-w-blasku-swiat","status":"publish","type":"mec-events","link":"https:\/\/msk.lodz.pl\/en\/msk\/koncet-swiateczno-noworoczny-w-blasku-swiat\/","title":{"rendered":"KONCERT \u015aWI\u0104TECZNO-NOWOROCZNY\/\/W BLASKU \u015aWI\u0104T"},"content":{"rendered":"<p>Zapraszamy na klimatyczny koncert w wykonaniu Natalii Nowakowskiej. Naszej wokalistce towarzyszy\u0107 b\u0119dzie gitarzysta Micha\u0142 Kie\u0142basa, go\u015bcinnie wyst\u0105pi Janusz Nastarowicz. Zapowiada si\u0119 ciekawy wiecz\u00f3r. B\u0119dzie granie, \u015bpiewanie a potem mo\u017ce i pocz\u0119stunek dla go\u015bci.<\/p>","protected":false},"excerpt":{"rendered":"<p>Zapraszamy na klimatyczny koncert w wykonaniu Natalii Nowakowskiej. Naszej wokalistce towarzyszy\u0107 b\u0119dzie gitarzysta Micha\u0142 Kie\u0142basa, go\u015bcinnie wyst\u0105pi Janusz Nastarowicz. Zapowiada si\u0119 ciekawy wiecz\u00f3r. B\u0119dzie granie, \u015bpiewanie a potem mo\u017ce i pocz\u0119stunek dla go\u015bci.<\/p>","protected":false},"author":24,"featured_media":77634,"comment_status":"closed","ping_status":"closed","template":"","tags":[],"mec_category":[389,394,393,397,361],"class_list":["post-77633","mec-events","type-mec-events","status-publish","has-post-thumbnail","hentry","mec_category-dorosli","mec_category-mlodziez","mec_category-muzyka-spiew","mec_category-seniorzy","mec_category-wydarzenia"],"yoast_head":"<!-- This site is optimized with the Yoast SEO plugin v26.5 - https:\/\/yoast.com\/wordpress\/plugins\/seo\/ -->\n<title>KONCERT \u015aWI\u0104TECZNO-NOWOROCZNY\/\/W BLASKU \u015aWI\u0104T - MSK<\/title>\n<meta name=\"robots\" content=\"index, follow, max-snippet:-1, max-image-preview:large, max-video-preview:-1\" \/>\n<link rel=\"canonical\" href=\"https:\/\/msk.lodz.pl\/en\/msk\/koncet-swiateczno-noworoczny-w-blasku-swiat\/\" \/>\n<meta property=\"og:locale\" content=\"en_GB\" \/>\n<meta property=\"og:type\" content=\"article\" \/>\n<meta property=\"og:title\" content=\"KONCERT \u015aWI\u0104TECZNO-NOWOROCZNY\/\/W BLASKU \u015aWI\u0104T - MSK\" \/>\n<meta property=\"og:description\" content=\"Zapraszamy na klimatyczny koncert w wykonaniu Natalii Nowakowskiej. Naszej wokalistce towarzyszy\u0107 b\u0119dzie gitarzysta Micha\u0142 Kie\u0142basa, go\u015bcinnie wyst\u0105pi Janusz Nastarowicz. Zapowiada si\u0119 ciekawy wiecz\u00f3r. B\u0119dzie granie, \u015bpiewanie a potem mo\u017ce i pocz\u0119stunek dla go\u015bci.\" \/>\n<meta property=\"og:url\" content=\"https:\/\/msk.lodz.pl\/en\/msk\/koncet-swiateczno-noworoczny-w-blasku-swiat\/\" \/>\n<meta property=\"og:site_name\" content=\"MSK\" \/>\n<meta property=\"article:modified_time\" content=\"2025-01-29T08:09:37+00:00\" \/>\n<meta property=\"og:image\" content=\"https:\/\/msk.lodz.pl\/wp-content\/uploads\/2025\/01\/natalia-2-724x1024.png\" \/>\n\t<meta property=\"og:image:width\" content=\"724\" \/>\n\t<meta property=\"og:image:height\" content=\"1024\" \/>\n\t<meta property=\"og:image:type\" content=\"image\/png\" \/>\n<meta name=\"twitter:card\" content=\"summary_large_image\" \/>\n<script type=\"application\/ld+json\" class=\"yoast-schema-graph\">{\"@context\":\"https:\/\/schema.org\",\"@graph\":[{\"@type\":\"WebPage\",\"@id\":\"https:\/\/msk.lodz.pl\/msk\/koncet-swiateczno-noworoczny-w-blasku-swiat\/\",\"url\":\"https:\/\/msk.lodz.pl\/msk\/koncet-swiateczno-noworoczny-w-blasku-swiat\/\",\"name\":\"KONCERT \u015aWI\u0104TECZNO-NOWOROCZNY\/\/W BLASKU \u015aWI\u0104T - MSK\",\"isPartOf\":{\"@id\":\"https:\/\/msk.lodz.pl\/#website\"},\"primaryImageOfPage\":{\"@id\":\"https:\/\/msk.lodz.pl\/msk\/koncet-swiateczno-noworoczny-w-blasku-swiat\/#primaryimage\"},\"image\":{\"@id\":\"https:\/\/msk.lodz.pl\/msk\/koncet-swiateczno-noworoczny-w-blasku-swiat\/#primaryimage\"},\"thumbnailUrl\":\"https:\/\/msk.lodz.pl\/wp-content\/uploads\/2025\/01\/natalia-2.png\",\"datePublished\":\"2025-01-06T20:50:22+00:00\",\"dateModified\":\"2025-01-29T08:09:37+00:00\",\"breadcrumb\":{\"@id\":\"https:\/\/msk.lodz.pl\/msk\/koncet-swiateczno-noworoczny-w-blasku-swiat\/#breadcrumb\"},\"inLanguage\":\"en-GB\",\"potentialAction\":[{\"@type\":\"ReadAction\",\"target\":[\"https:\/\/msk.lodz.pl\/msk\/koncet-swiateczno-noworoczny-w-blasku-swiat\/\"]}]},{\"@type\":\"ImageObject\",\"inLanguage\":\"en-GB\",\"@id\":\"https:\/\/msk.lodz.pl\/msk\/koncet-swiateczno-noworoczny-w-blasku-swiat\/#primaryimage\",\"url\":\"https:\/\/msk.lodz.pl\/wp-content\/uploads\/2025\/01\/natalia-2.png\",\"contentUrl\":\"https:\/\/msk.lodz.pl\/wp-content\/uploads\/2025\/01\/natalia-2.png\",\"width\":1587,\"height\":2245},{\"@type\":\"BreadcrumbList\",\"@id\":\"https:\/\/msk.lodz.pl\/msk\/koncet-swiateczno-noworoczny-w-blasku-swiat\/#breadcrumb\",\"itemListElement\":[{\"@type\":\"ListItem\",\"position\":1,\"name\":\"Strona g\u0142\u00f3wna\",\"item\":\"http:\/\/msk.lodz.pl\/en\/\"},{\"@type\":\"ListItem\",\"position\":2,\"name\":\"Wydarzenia\",\"item\":\"https:\/\/msk.lodz.pl\/msk\/\"},{\"@type\":\"ListItem\",\"position\":3,\"name\":\"KONCERT \u015aWI\u0104TECZNO-NOWOROCZNY\/\/W BLASKU \u015aWI\u0104T\"}]},{\"@type\":\"WebSite\",\"@id\":\"https:\/\/msk.lodz.pl\/#website\",\"url\":\"https:\/\/msk.lodz.pl\/\",\"name\":\"MSK - \u0141\u00f3d\u017a\",\"description\":\"\",\"publisher\":{\"@id\":\"https:\/\/msk.lodz.pl\/#organization\"},\"potentialAction\":[{\"@type\":\"SearchAction\",\"target\":{\"@type\":\"EntryPoint\",\"urlTemplate\":\"https:\/\/msk.lodz.pl\/?s={search_term_string}\"},\"query-input\":{\"@type\":\"PropertyValueSpecification\",\"valueRequired\":true,\"valueName\":\"search_term_string\"}}],\"inLanguage\":\"en-GB\"},{\"@type\":\"Organization\",\"@id\":\"https:\/\/msk.lodz.pl\/#organization\",\"name\":\"MSK - \u0141\u00f3d\u017a\",\"url\":\"https:\/\/msk.lodz.pl\/\",\"logo\":{\"@type\":\"ImageObject\",\"inLanguage\":\"en-GB\",\"@id\":\"https:\/\/msk.lodz.pl\/#\/schema\/logo\/image\/\",\"url\":\"https:\/\/msk.lodz.pl\/wp-content\/uploads\/2023\/04\/cropped-Fav_icon_MSK.png\",\"contentUrl\":\"https:\/\/msk.lodz.pl\/wp-content\/uploads\/2023\/04\/cropped-Fav_icon_MSK.png\",\"width\":512,\"height\":512,\"caption\":\"MSK - \u0141\u00f3d\u017a\"},\"image\":{\"@id\":\"https:\/\/msk.lodz.pl\/#\/schema\/logo\/image\/\"}}]}<\/script>\n<!-- \/ Yoast SEO plugin. -->","yoast_head_json":{"title":"KONCERT \u015aWI\u0104TECZNO-NOWOROCZNY\/\/W BLASKU \u015aWI\u0104T - MSK","robots":{"index":"index","follow":"follow","max-snippet":"max-snippet:-1","max-image-preview":"max-image-preview:large","max-video-preview":"max-video-preview:-1"},"canonical":"https:\/\/msk.lodz.pl\/en\/msk\/koncet-swiateczno-noworoczny-w-blasku-swiat\/","og_locale":"en_GB","og_type":"article","og_title":"KONCERT \u015aWI\u0104TECZNO-NOWOROCZNY\/\/W BLASKU \u015aWI\u0104T - MSK","og_description":"Zapraszamy na klimatyczny koncert w wykonaniu Natalii Nowakowskiej. Naszej wokalistce towarzyszy\u0107 b\u0119dzie gitarzysta Micha\u0142 Kie\u0142basa, go\u015bcinnie wyst\u0105pi Janusz Nastarowicz. Zapowiada si\u0119 ciekawy wiecz\u00f3r. B\u0119dzie granie, \u015bpiewanie a potem mo\u017ce i pocz\u0119stunek dla go\u015bci.","og_url":"https:\/\/msk.lodz.pl\/en\/msk\/koncet-swiateczno-noworoczny-w-blasku-swiat\/","og_site_name":"MSK","article_modified_time":"2025-01-29T08:09:37+00:00","og_image":[{"width":724,"height":1024,"url":"https:\/\/msk.lodz.pl\/wp-content\/uploads\/2025\/01\/natalia-2-724x1024.png","type":"image\/png"}],"twitter_card":"summary_large_image","schema":{"@context":"https:\/\/schema.org","@graph":[{"@type":"WebPage","@id":"https:\/\/msk.lodz.pl\/msk\/koncet-swiateczno-noworoczny-w-blasku-swiat\/","url":"https:\/\/msk.lodz.pl\/msk\/koncet-swiateczno-noworoczny-w-blasku-swiat\/","name":"KONCERT \u015aWI\u0104TECZNO-NOWOROCZNY\/\/W BLASKU \u015aWI\u0104T - MSK","isPartOf":{"@id":"https:\/\/msk.lodz.pl\/#website"},"primaryImageOfPage":{"@id":"https:\/\/msk.lodz.pl\/msk\/koncet-swiateczno-noworoczny-w-blasku-swiat\/#primaryimage"},"image":{"@id":"https:\/\/msk.lodz.pl\/msk\/koncet-swiateczno-noworoczny-w-blasku-swiat\/#primaryimage"},"thumbnailUrl":"https:\/\/msk.lodz.pl\/wp-content\/uploads\/2025\/01\/natalia-2.png","datePublished":"2025-01-06T20:50:22+00:00","dateModified":"2025-01-29T08:09:37+00:00","breadcrumb":{"@id":"https:\/\/msk.lodz.pl\/msk\/koncet-swiateczno-noworoczny-w-blasku-swiat\/#breadcrumb"},"inLanguage":"en-GB","potentialAction":[{"@type":"ReadAction","target":["https:\/\/msk.lodz.pl\/msk\/koncet-swiateczno-noworoczny-w-blasku-swiat\/"]}]},{"@type":"ImageObject","inLanguage":"en-GB","@id":"https:\/\/msk.lodz.pl\/msk\/koncet-swiateczno-noworoczny-w-blasku-swiat\/#primaryimage","url":"https:\/\/msk.lodz.pl\/wp-content\/uploads\/2025\/01\/natalia-2.png","contentUrl":"https:\/\/msk.lodz.pl\/wp-content\/uploads\/2025\/01\/natalia-2.png","width":1587,"height":2245},{"@type":"BreadcrumbList","@id":"https:\/\/msk.lodz.pl\/msk\/koncet-swiateczno-noworoczny-w-blasku-swiat\/#breadcrumb","itemListElement":[{"@type":"ListItem","position":1,"name":"Strona g\u0142\u00f3wna","item":"http:\/\/msk.lodz.pl\/en\/"},{"@type":"ListItem","position":2,"name":"Wydarzenia","item":"https:\/\/msk.lodz.pl\/msk\/"},{"@type":"ListItem","position":3,"name":"KONCERT \u015aWI\u0104TECZNO-NOWOROCZNY\/\/W BLASKU \u015aWI\u0104T"}]},{"@type":"WebSite","@id":"https:\/\/msk.lodz.pl\/#website","url":"https:\/\/msk.lodz.pl\/","name":"MSK - \u0141\u00f3d\u017a","description":"","publisher":{"@id":"https:\/\/msk.lodz.pl\/#organization"},"potentialAction":[{"@type":"SearchAction","target":{"@type":"EntryPoint","urlTemplate":"https:\/\/msk.lodz.pl\/?s={search_term_string}"},"query-input":{"@type":"PropertyValueSpecification","valueRequired":true,"valueName":"search_term_string"}}],"inLanguage":"en-GB"},{"@type":"Organization","@id":"https:\/\/msk.lodz.pl\/#organization","name":"MSK - \u0141\u00f3d\u017a","url":"https:\/\/msk.lodz.pl\/","logo":{"@type":"ImageObject","inLanguage":"en-GB","@id":"https:\/\/msk.lodz.pl\/#\/schema\/logo\/image\/","url":"https:\/\/msk.lodz.pl\/wp-content\/uploads\/2023\/04\/cropped-Fav_icon_MSK.png","contentUrl":"https:\/\/msk.lodz.pl\/wp-content\/uploads\/2023\/04\/cropped-Fav_icon_MSK.png","width":512,"height":512,"caption":"MSK - \u0141\u00f3d\u017a"},"image":{"@id":"https:\/\/msk.lodz.pl\/#\/schema\/logo\/image\/"}}]}},"_links":{"self":[{"href":"https:\/\/msk.lodz.pl\/en\/wp-json\/wp\/v2\/mec-events\/77633","targetHints":{"allow":["GET"]}}],"collection":[{"href":"https:\/\/msk.lodz.pl\/en\/wp-json\/wp\/v2\/mec-events"}],"about":[{"href":"https:\/\/msk.lodz.pl\/en\/wp-json\/wp\/v2\/types\/mec-events"}],"author":[{"embeddable":true,"href":"https:\/\/msk.lodz.pl\/en\/wp-json\/wp\/v2\/users\/24"}],"replies":[{"embeddable":true,"href":"https:\/\/msk.lodz.pl\/en\/wp-json\/wp\/v2\/comments?post=77633"}],"wp:featuredmedia":[{"embeddable":true,"href":"https:\/\/msk.lodz.pl\/en\/wp-json\/wp\/v2\/media\/77634"}],"wp:attachment":[{"href":"https:\/\/msk.lodz.pl\/en\/wp-json\/wp\/v2\/media?parent=77633"}],"wp:term":[{"taxonomy":"post_tag","embeddable":true,"href":"https:\/\/msk.lodz.pl\/en\/wp-json\/wp\/v2\/tags?post=77633"},{"taxonomy":"mec_category","embeddable":true,"href":"https:\/\/msk.lodz.pl\/en\/wp-json\/wp\/v2\/mec_category?post=77633"}],"curies":[{"name":"wp","href":"https:\/\/api.w.org\/{rel}","templated":true}]}}

KONCERT ŚWIĄTECZNO-NOWOROCZNY//W BLASKU ŚWIĄT

<p>Zapraszamy na klimatyczny koncert w wykonaniu Natalii Nowakowskiej. Naszej wokalistce towarzyszyć będzie gitarzysta Michał Kiełbasa, gościnnie wystąpi Janusz Nastarowicz. Zapowiada się ciekawy wieczór. Będzie granie, śpiewanie a potem może i poczęstunek dla gości.</p>

<!-- This site is optimized with the Yoast SEO plugin v26.5 - https://yoast.com/wordpress/plugins/seo/ -->
<title>KONCERT ŚWIĄTECZNO-NOWOROCZNY//W BLASKU ŚWIĄT - MSK</title>
<meta name="robots" content="index, follow, max-snippet:-1, max-image-preview:large, max-video-preview:-1" />
<link rel="canonical" href="https://msk.lodz.pl/en/msk/koncet-swiateczno-noworoczny-w-blasku-swiat/" />
<meta property="og:locale" content="en_GB" />
<meta property="og:type" content="article" />
<meta property="og:title" content="KONCERT ŚWIĄTECZNO-NOWOROCZNY//W BLASKU ŚWIĄT - MSK" />
<meta property="og:description" content="Zapraszamy na klimatyczny koncert w wykonaniu Natalii Nowakowskiej. Naszej wokalistce towarzyszyć będzie gitarzysta Michał Kiełbasa, gościnnie wystąpi Janusz Nastarowicz. Zapowiada się ciekawy wieczór. Będzie granie, śpiewanie a potem może i poczęstunek dla gości." />
<meta property="og:url" content="https://msk.lodz.pl/en/msk/koncet-swiateczno-noworoczny-w-blasku-swiat/" />
<meta property="og:site_name" content="MSK" />
<meta property="article:modified_time" content="2025-01-29T08:09:37+00:00" />
<meta property="og:image" content="https://msk.lodz.pl/wp-content/uploads/2025/01/natalia-2-724x1024.png" />
	<meta property="og:image:width" content="724" />
	<meta property="og:image:height" content="1024" />
	<meta property="og:image:type" content="image/png" />
<meta name="twitter:card" content="summary_large_image" />
<script type="application/ld+json" class="yoast-schema-graph">{"@context":"https://schema.org","@graph":[{"@type":"WebPage","@id":"https://msk.lodz.pl/msk/koncet-swiateczno-noworoczny-w-blasku-swiat/","url":"https://msk.lodz.pl/msk/koncet-swiateczno-noworoczny-w-blasku-swiat/","name":"KONCERT ŚWIĄTECZNO-NOWOROCZNY//W BLASKU ŚWIĄT - MSK","isPartOf":{"@id":"https://msk.lodz.pl/#website"},"primaryImageOfPage":{"@id":"https://msk.lodz.pl/msk/koncet-swiateczno-noworoczny-w-blasku-swiat/#primaryimage"},"image":{"@id":"https://msk.lodz.pl/msk/koncet-swiateczno-noworoczny-w-blasku-swiat/#primaryimage"},"thumbnailUrl":"https://msk.lodz.pl/wp-content/uploads/2025/01/natalia-2.png","datePublished":"2025-01-06T20:50:22+00:00","dateModified":"2025-01-29T08:09:37+00:00","breadcrumb":{"@id":"https://msk.lodz.pl/msk/koncet-swiateczno-noworoczny-w-blasku-swiat/#breadcrumb"},"inLanguage":"en-GB","potentialAction":[{"@type":"ReadAction","target":["https://msk.lodz.pl/msk/koncet-swiateczno-noworoczny-w-blasku-swiat/"]}]},{"@type":"ImageObject","inLanguage":"en-GB","@id":"https://msk.lodz.pl/msk/koncet-swiateczno-noworoczny-w-blasku-swiat/#primaryimage","url":"https://msk.lodz.pl/wp-content/uploads/2025/01/natalia-2.png","contentUrl":"https://msk.lodz.pl/wp-content/uploads/2025/01/natalia-2.png","width":1587,"height":2245},{"@type":"BreadcrumbList","@id":"https://msk.lodz.pl/msk/koncet-swiateczno-noworoczny-w-blasku-swiat/#breadcrumb","itemListElement":[{"@type":"ListItem","position":1,"name":"Strona główna","item":"http://msk.lodz.pl/en/"},{"@type":"ListItem","position":2,"name":"Wydarzenia","item":"https://msk.lodz.pl/msk/"},{"@type":"ListItem","position":3,"name":"KONCERT ŚWIĄTECZNO-NOWOROCZNY//W BLASKU ŚWIĄT"}]},{"@type":"WebSite","@id":"https://msk.lodz.pl/#website","url":"https://msk.lodz.pl/","name":"MSK - Łódź","description":"","publisher":{"@id":"https://msk.lodz.pl/#organization"},"potentialAction":[{"@type":"SearchAction","target":{"@type":"EntryPoint","urlTemplate":"https://msk.lodz.pl/?s={search_term_string}"},"query-input":{"@type":"PropertyValueSpecification","valueRequired":true,"valueName":"search_term_string"}}],"inLanguage":"en-GB"},{"@type":"Organization","@id":"https://msk.lodz.pl/#organization","name":"MSK - Łódź","url":"https://msk.lodz.pl/","logo":{"@type":"ImageObject","inLanguage":"en-GB","@id":"https://msk.lodz.pl/#/schema/logo/image/","url":"https://msk.lodz.pl/wp-content/uploads/2023/04/cropped-Fav_icon_MSK.png","contentUrl":"https://msk.lodz.pl/wp-content/uploads/2023/04/cropped-Fav_icon_MSK.png","width":512,"height":512,"caption":"MSK - Łódź"},"image":{"@id":"https://msk.lodz.pl/#/schema/logo/image/"}}]}</script>
<!-- / Yoast SEO plugin. -->

KONCERT ŚWIĄTECZNO-NOWOROCZNY//W BLASKU ŚWIĄT - MSK

Zapraszamy na klimatyczny koncert w wykonaniu Natalii Nowakowskiej. Naszej wokalistce towarzyszyć będzie gitarzysta Michał Kiełbasa, gościnnie wystąpi Janusz Nastarowicz. Zapowiada się ciekawy wieczór. Będzie granie, śpiewanie a potem może i poczęstunek dla gości.

Strona główna

MSK - Łódź
