{"id":85967,"date":"2025-02-21T17:08:47","date_gmt":"2025-02-21T16:08:47","guid":{"rendered":"https:\/\/msk.lodz.pl\/?post_type=mec-events&#038;p=85967"},"modified":"2025-02-21T17:08:47","modified_gmt":"2025-02-21T16:08:47","slug":"premiera-zlepek-wydarzenie","status":"publish","type":"mec-events","link":"https:\/\/msk.lodz.pl\/en\/msk\/premiera-zlepek-wydarzenie\/","title":{"rendered":"PREMIERA &#8222;ZLEPEK&#8221; \/\/ wydarzenie"},"content":{"rendered":"<p>\u201eZLEPEK\u201d &#8211; to kabaretowy kola\u017c inspirowany tw\u00f3rczo\u015bci\u0105 legend polskiej sceny \u2013 od Ludwika Sempoli\u0144skiego, Juliana Tuwima i Aleksandra Fredry, po Eugeniusza Bodo, Antoniego Astona, Zofi\u0119 Paw\u0142owsk\u0105, Antoniego Czechowa, Stanis\u0142awa Reszk\u0119, Ludwika Wyrwicza, Jerzego Fronta i Aleksandra \u017babczy\u0144skiego. W programie znajd\u0105 si\u0119 monologi, skecze i piosenki, kt\u00f3re przenios\u0105 widz\u00f3w w klimat przedwojennej i mi\u0119dzywojennej sceny kabaretowej, okraszone inteligentnym dowcipem i muzycznym kunsztem. Re\u017cyseria: Jacek Kusto Opracowanie muzyczne: Jacek Pietrzak Monologi i piosenki: Jacek Kusto<\/p>\n<p>&nbsp;<\/p>\n<p>&nbsp;<\/p>","protected":false},"excerpt":{"rendered":"<p>\u201eZLEPEK\u201d &#8211; to kabaretowy kola\u017c inspirowany tw\u00f3rczo\u015bci\u0105 legend polskiej sceny \u2013 od Ludwika Sempoli\u0144skiego, Juliana Tuwima i Aleksandra Fredry, po Eugeniusza Bodo, Antoniego Astona, Zofi\u0119 Paw\u0142owsk\u0105, Antoniego Czechowa, Stanis\u0142awa Reszk\u0119, Ludwika Wyrwicza, Jerzego Fronta i Aleksandra \u017babczy\u0144skiego. W programie znajd\u0105 si\u0119 monologi, skecze i piosenki, kt\u00f3re przenios\u0105 widz\u00f3w w klimat przedwojennej i mi\u0119dzywojennej sceny kabaretowej, [&hellip;]<\/p>","protected":false},"author":15,"featured_media":85968,"comment_status":"closed","ping_status":"closed","template":"","tags":[192,193,38],"mec_category":[405,389,433,361],"class_list":["post-85967","mec-events","type-mec-events","status-publish","has-post-thumbnail","hentry","tag-dorosli","tag-seniorzy","tag-teatr","mec_category-aktualnosci","mec_category-dorosli","mec_category-teatr","mec_category-wydarzenia"],"yoast_head":"<!-- This site is optimized with the Yoast SEO plugin v26.5 - https:\/\/yoast.com\/wordpress\/plugins\/seo\/ -->\n<title>PREMIERA &quot;ZLEPEK&quot; \/\/ wydarzenie - MSK<\/title>\n<meta name=\"robots\" content=\"index, follow, max-snippet:-1, max-image-preview:large, max-video-preview:-1\" \/>\n<link rel=\"canonical\" href=\"https:\/\/msk.lodz.pl\/en\/msk\/premiera-zlepek-wydarzenie\/\" \/>\n<meta property=\"og:locale\" content=\"en_GB\" \/>\n<meta property=\"og:type\" content=\"article\" \/>\n<meta property=\"og:title\" content=\"PREMIERA &quot;ZLEPEK&quot; \/\/ wydarzenie - MSK\" \/>\n<meta property=\"og:description\" content=\"\u201eZLEPEK\u201d &#8211; to kabaretowy kola\u017c inspirowany tw\u00f3rczo\u015bci\u0105 legend polskiej sceny \u2013 od Ludwika Sempoli\u0144skiego, Juliana Tuwima i Aleksandra Fredry, po Eugeniusza Bodo, Antoniego Astona, Zofi\u0119 Paw\u0142owsk\u0105, Antoniego Czechowa, Stanis\u0142awa Reszk\u0119, Ludwika Wyrwicza, Jerzego Fronta i Aleksandra \u017babczy\u0144skiego. W programie znajd\u0105 si\u0119 monologi, skecze i piosenki, kt\u00f3re przenios\u0105 widz\u00f3w w klimat przedwojennej i mi\u0119dzywojennej sceny kabaretowej, [&hellip;]\" \/>\n<meta property=\"og:url\" content=\"https:\/\/msk.lodz.pl\/en\/msk\/premiera-zlepek-wydarzenie\/\" \/>\n<meta property=\"og:site_name\" content=\"MSK\" \/>\n<meta property=\"og:image\" content=\"https:\/\/msk.lodz.pl\/wp-content\/uploads\/2025\/02\/472791866_1511337106921333_4954689853492825042_n.jpg\" \/>\n\t<meta property=\"og:image:width\" content=\"1536\" \/>\n\t<meta property=\"og:image:height\" content=\"2048\" \/>\n\t<meta property=\"og:image:type\" content=\"image\/jpeg\" \/>\n<meta name=\"twitter:card\" content=\"summary_large_image\" \/>\n<script type=\"application\/ld+json\" class=\"yoast-schema-graph\">{\"@context\":\"https:\/\/schema.org\",\"@graph\":[{\"@type\":\"WebPage\",\"@id\":\"https:\/\/msk.lodz.pl\/msk\/premiera-zlepek-wydarzenie\/\",\"url\":\"https:\/\/msk.lodz.pl\/msk\/premiera-zlepek-wydarzenie\/\",\"name\":\"PREMIERA \\\"ZLEPEK\\\" \/\/ wydarzenie - MSK\",\"isPartOf\":{\"@id\":\"https:\/\/msk.lodz.pl\/#website\"},\"primaryImageOfPage\":{\"@id\":\"https:\/\/msk.lodz.pl\/msk\/premiera-zlepek-wydarzenie\/#primaryimage\"},\"image\":{\"@id\":\"https:\/\/msk.lodz.pl\/msk\/premiera-zlepek-wydarzenie\/#primaryimage\"},\"thumbnailUrl\":\"https:\/\/msk.lodz.pl\/wp-content\/uploads\/2025\/02\/472791866_1511337106921333_4954689853492825042_n.jpg\",\"datePublished\":\"2025-02-21T16:08:47+00:00\",\"breadcrumb\":{\"@id\":\"https:\/\/msk.lodz.pl\/msk\/premiera-zlepek-wydarzenie\/#breadcrumb\"},\"inLanguage\":\"en-GB\",\"potentialAction\":[{\"@type\":\"ReadAction\",\"target\":[\"https:\/\/msk.lodz.pl\/msk\/premiera-zlepek-wydarzenie\/\"]}]},{\"@type\":\"ImageObject\",\"inLanguage\":\"en-GB\",\"@id\":\"https:\/\/msk.lodz.pl\/msk\/premiera-zlepek-wydarzenie\/#primaryimage\",\"url\":\"https:\/\/msk.lodz.pl\/wp-content\/uploads\/2025\/02\/472791866_1511337106921333_4954689853492825042_n.jpg\",\"contentUrl\":\"https:\/\/msk.lodz.pl\/wp-content\/uploads\/2025\/02\/472791866_1511337106921333_4954689853492825042_n.jpg\",\"width\":1536,\"height\":2048},{\"@type\":\"BreadcrumbList\",\"@id\":\"https:\/\/msk.lodz.pl\/msk\/premiera-zlepek-wydarzenie\/#breadcrumb\",\"itemListElement\":[{\"@type\":\"ListItem\",\"position\":1,\"name\":\"Strona g\u0142\u00f3wna\",\"item\":\"http:\/\/msk.lodz.pl\/en\/\"},{\"@type\":\"ListItem\",\"position\":2,\"name\":\"Wydarzenia\",\"item\":\"https:\/\/msk.lodz.pl\/msk\/\"},{\"@type\":\"ListItem\",\"position\":3,\"name\":\"PREMIERA &#8222;ZLEPEK&#8221; \/\/ wydarzenie\"}]},{\"@type\":\"WebSite\",\"@id\":\"https:\/\/msk.lodz.pl\/#website\",\"url\":\"https:\/\/msk.lodz.pl\/\",\"name\":\"MSK - \u0141\u00f3d\u017a\",\"description\":\"\",\"publisher\":{\"@id\":\"https:\/\/msk.lodz.pl\/#organization\"},\"potentialAction\":[{\"@type\":\"SearchAction\",\"target\":{\"@type\":\"EntryPoint\",\"urlTemplate\":\"https:\/\/msk.lodz.pl\/?s={search_term_string}\"},\"query-input\":{\"@type\":\"PropertyValueSpecification\",\"valueRequired\":true,\"valueName\":\"search_term_string\"}}],\"inLanguage\":\"en-GB\"},{\"@type\":\"Organization\",\"@id\":\"https:\/\/msk.lodz.pl\/#organization\",\"name\":\"MSK - \u0141\u00f3d\u017a\",\"url\":\"https:\/\/msk.lodz.pl\/\",\"logo\":{\"@type\":\"ImageObject\",\"inLanguage\":\"en-GB\",\"@id\":\"https:\/\/msk.lodz.pl\/#\/schema\/logo\/image\/\",\"url\":\"https:\/\/msk.lodz.pl\/wp-content\/uploads\/2023\/04\/cropped-Fav_icon_MSK.png\",\"contentUrl\":\"https:\/\/msk.lodz.pl\/wp-content\/uploads\/2023\/04\/cropped-Fav_icon_MSK.png\",\"width\":512,\"height\":512,\"caption\":\"MSK - \u0141\u00f3d\u017a\"},\"image\":{\"@id\":\"https:\/\/msk.lodz.pl\/#\/schema\/logo\/image\/\"}}]}<\/script>\n<!-- \/ Yoast SEO plugin. -->","yoast_head_json":{"title":"PREMIERA \"ZLEPEK\" \/\/ wydarzenie - MSK","robots":{"index":"index","follow":"follow","max-snippet":"max-snippet:-1","max-image-preview":"max-image-preview:large","max-video-preview":"max-video-preview:-1"},"canonical":"https:\/\/msk.lodz.pl\/en\/msk\/premiera-zlepek-wydarzenie\/","og_locale":"en_GB","og_type":"article","og_title":"PREMIERA \"ZLEPEK\" \/\/ wydarzenie - MSK","og_description":"\u201eZLEPEK\u201d &#8211; to kabaretowy kola\u017c inspirowany tw\u00f3rczo\u015bci\u0105 legend polskiej sceny \u2013 od Ludwika Sempoli\u0144skiego, Juliana Tuwima i Aleksandra Fredry, po Eugeniusza Bodo, Antoniego Astona, Zofi\u0119 Paw\u0142owsk\u0105, Antoniego Czechowa, Stanis\u0142awa Reszk\u0119, Ludwika Wyrwicza, Jerzego Fronta i Aleksandra \u017babczy\u0144skiego. W programie znajd\u0105 si\u0119 monologi, skecze i piosenki, kt\u00f3re przenios\u0105 widz\u00f3w w klimat przedwojennej i mi\u0119dzywojennej sceny kabaretowej, [&hellip;]","og_url":"https:\/\/msk.lodz.pl\/en\/msk\/premiera-zlepek-wydarzenie\/","og_site_name":"MSK","og_image":[{"width":1536,"height":2048,"url":"https:\/\/msk.lodz.pl\/wp-content\/uploads\/2025\/02\/472791866_1511337106921333_4954689853492825042_n.jpg","type":"image\/jpeg"}],"twitter_card":"summary_large_image","schema":{"@context":"https:\/\/schema.org","@graph":[{"@type":"WebPage","@id":"https:\/\/msk.lodz.pl\/msk\/premiera-zlepek-wydarzenie\/","url":"https:\/\/msk.lodz.pl\/msk\/premiera-zlepek-wydarzenie\/","name":"PREMIERA \"ZLEPEK\" \/\/ wydarzenie - MSK","isPartOf":{"@id":"https:\/\/msk.lodz.pl\/#website"},"primaryImageOfPage":{"@id":"https:\/\/msk.lodz.pl\/msk\/premiera-zlepek-wydarzenie\/#primaryimage"},"image":{"@id":"https:\/\/msk.lodz.pl\/msk\/premiera-zlepek-wydarzenie\/#primaryimage"},"thumbnailUrl":"https:\/\/msk.lodz.pl\/wp-content\/uploads\/2025\/02\/472791866_1511337106921333_4954689853492825042_n.jpg","datePublished":"2025-02-21T16:08:47+00:00","breadcrumb":{"@id":"https:\/\/msk.lodz.pl\/msk\/premiera-zlepek-wydarzenie\/#breadcrumb"},"inLanguage":"en-GB","potentialAction":[{"@type":"ReadAction","target":["https:\/\/msk.lodz.pl\/msk\/premiera-zlepek-wydarzenie\/"]}]},{"@type":"ImageObject","inLanguage":"en-GB","@id":"https:\/\/msk.lodz.pl\/msk\/premiera-zlepek-wydarzenie\/#primaryimage","url":"https:\/\/msk.lodz.pl\/wp-content\/uploads\/2025\/02\/472791866_1511337106921333_4954689853492825042_n.jpg","contentUrl":"https:\/\/msk.lodz.pl\/wp-content\/uploads\/2025\/02\/472791866_1511337106921333_4954689853492825042_n.jpg","width":1536,"height":2048},{"@type":"BreadcrumbList","@id":"https:\/\/msk.lodz.pl\/msk\/premiera-zlepek-wydarzenie\/#breadcrumb","itemListElement":[{"@type":"ListItem","position":1,"name":"Strona g\u0142\u00f3wna","item":"http:\/\/msk.lodz.pl\/en\/"},{"@type":"ListItem","position":2,"name":"Wydarzenia","item":"https:\/\/msk.lodz.pl\/msk\/"},{"@type":"ListItem","position":3,"name":"PREMIERA &#8222;ZLEPEK&#8221; \/\/ wydarzenie"}]},{"@type":"WebSite","@id":"https:\/\/msk.lodz.pl\/#website","url":"https:\/\/msk.lodz.pl\/","name":"MSK - \u0141\u00f3d\u017a","description":"","publisher":{"@id":"https:\/\/msk.lodz.pl\/#organization"},"potentialAction":[{"@type":"SearchAction","target":{"@type":"EntryPoint","urlTemplate":"https:\/\/msk.lodz.pl\/?s={search_term_string}"},"query-input":{"@type":"PropertyValueSpecification","valueRequired":true,"valueName":"search_term_string"}}],"inLanguage":"en-GB"},{"@type":"Organization","@id":"https:\/\/msk.lodz.pl\/#organization","name":"MSK - \u0141\u00f3d\u017a","url":"https:\/\/msk.lodz.pl\/","logo":{"@type":"ImageObject","inLanguage":"en-GB","@id":"https:\/\/msk.lodz.pl\/#\/schema\/logo\/image\/","url":"https:\/\/msk.lodz.pl\/wp-content\/uploads\/2023\/04\/cropped-Fav_icon_MSK.png","contentUrl":"https:\/\/msk.lodz.pl\/wp-content\/uploads\/2023\/04\/cropped-Fav_icon_MSK.png","width":512,"height":512,"caption":"MSK - \u0141\u00f3d\u017a"},"image":{"@id":"https:\/\/msk.lodz.pl\/#\/schema\/logo\/image\/"}}]}},"_links":{"self":[{"href":"https:\/\/msk.lodz.pl\/en\/wp-json\/wp\/v2\/mec-events\/85967","targetHints":{"allow":["GET"]}}],"collection":[{"href":"https:\/\/msk.lodz.pl\/en\/wp-json\/wp\/v2\/mec-events"}],"about":[{"href":"https:\/\/msk.lodz.pl\/en\/wp-json\/wp\/v2\/types\/mec-events"}],"author":[{"embeddable":true,"href":"https:\/\/msk.lodz.pl\/en\/wp-json\/wp\/v2\/users\/15"}],"replies":[{"embeddable":true,"href":"https:\/\/msk.lodz.pl\/en\/wp-json\/wp\/v2\/comments?post=85967"}],"wp:featuredmedia":[{"embeddable":true,"href":"https:\/\/msk.lodz.pl\/en\/wp-json\/wp\/v2\/media\/85968"}],"wp:attachment":[{"href":"https:\/\/msk.lodz.pl\/en\/wp-json\/wp\/v2\/media?parent=85967"}],"wp:term":[{"taxonomy":"post_tag","embeddable":true,"href":"https:\/\/msk.lodz.pl\/en\/wp-json\/wp\/v2\/tags?post=85967"},{"taxonomy":"mec_category","embeddable":true,"href":"https:\/\/msk.lodz.pl\/en\/wp-json\/wp\/v2\/mec_category?post=85967"}],"curies":[{"name":"wp","href":"https:\/\/api.w.org\/{rel}","templated":true}]}}

<p>„ZLEPEK” &#8211; to kabaretowy kolaż inspirowany twórczością legend polskiej sceny – od Ludwika Sempolińskiego, Juliana Tuwima i Aleksandra Fredry, po Eugeniusza Bodo, Antoniego Astona, Zofię Pawłowską, Antoniego Czechowa, Stanisława Reszkę, Ludwika Wyrwicza, Jerzego Fronta i Aleksandra Żabczyńskiego. W programie znajdą się monologi, skecze i piosenki, które przeniosą widzów w klimat przedwojennej i międzywojennej sceny kabaretowej, okraszone inteligentnym dowcipem i muzycznym kunsztem. Reżyseria: Jacek Kusto Opracowanie muzyczne: Jacek Pietrzak Monologi i piosenki: Jacek Kusto</p>
<p>&nbsp;</p>
<p>&nbsp;</p>

<p>„ZLEPEK” &#8211; to kabaretowy kolaż inspirowany twórczością legend polskiej sceny – od Ludwika Sempolińskiego, Juliana Tuwima i Aleksandra Fredry, po Eugeniusza Bodo, Antoniego Astona, Zofię Pawłowską, Antoniego Czechowa, Stanisława Reszkę, Ludwika Wyrwicza, Jerzego Fronta i Aleksandra Żabczyńskiego. W programie znajdą się monologi, skecze i piosenki, które przeniosą widzów w klimat przedwojennej i międzywojennej sceny kabaretowej, [&hellip;]</p>

<!-- This site is optimized with the Yoast SEO plugin v26.5 - https://yoast.com/wordpress/plugins/seo/ -->
<title>PREMIERA &quot;ZLEPEK&quot; // wydarzenie - MSK</title>
<meta name="robots" content="index, follow, max-snippet:-1, max-image-preview:large, max-video-preview:-1" />
<link rel="canonical" href="https://msk.lodz.pl/en/msk/premiera-zlepek-wydarzenie/" />
<meta property="og:locale" content="en_GB" />
<meta property="og:type" content="article" />
<meta property="og:title" content="PREMIERA &quot;ZLEPEK&quot; // wydarzenie - MSK" />
<meta property="og:description" content="„ZLEPEK” &#8211; to kabaretowy kolaż inspirowany twórczością legend polskiej sceny – od Ludwika Sempolińskiego, Juliana Tuwima i Aleksandra Fredry, po Eugeniusza Bodo, Antoniego Astona, Zofię Pawłowską, Antoniego Czechowa, Stanisława Reszkę, Ludwika Wyrwicza, Jerzego Fronta i Aleksandra Żabczyńskiego. W programie znajdą się monologi, skecze i piosenki, które przeniosą widzów w klimat przedwojennej i międzywojennej sceny kabaretowej, [&hellip;]" />
<meta property="og:url" content="https://msk.lodz.pl/en/msk/premiera-zlepek-wydarzenie/" />
<meta property="og:site_name" content="MSK" />
<meta property="og:image" content="https://msk.lodz.pl/wp-content/uploads/2025/02/472791866_1511337106921333_4954689853492825042_n.jpg" />
	<meta property="og:image:width" content="1536" />
	<meta property="og:image:height" content="2048" />
	<meta property="og:image:type" content="image/jpeg" />
<meta name="twitter:card" content="summary_large_image" />
<script type="application/ld+json" class="yoast-schema-graph">{"@context":"https://schema.org","@graph":[{"@type":"WebPage","@id":"https://msk.lodz.pl/msk/premiera-zlepek-wydarzenie/","url":"https://msk.lodz.pl/msk/premiera-zlepek-wydarzenie/","name":"PREMIERA \"ZLEPEK\" // wydarzenie - MSK","isPartOf":{"@id":"https://msk.lodz.pl/#website"},"primaryImageOfPage":{"@id":"https://msk.lodz.pl/msk/premiera-zlepek-wydarzenie/#primaryimage"},"image":{"@id":"https://msk.lodz.pl/msk/premiera-zlepek-wydarzenie/#primaryimage"},"thumbnailUrl":"https://msk.lodz.pl/wp-content/uploads/2025/02/472791866_1511337106921333_4954689853492825042_n.jpg","datePublished":"2025-02-21T16:08:47+00:00","breadcrumb":{"@id":"https://msk.lodz.pl/msk/premiera-zlepek-wydarzenie/#breadcrumb"},"inLanguage":"en-GB","potentialAction":[{"@type":"ReadAction","target":["https://msk.lodz.pl/msk/premiera-zlepek-wydarzenie/"]}]},{"@type":"ImageObject","inLanguage":"en-GB","@id":"https://msk.lodz.pl/msk/premiera-zlepek-wydarzenie/#primaryimage","url":"https://msk.lodz.pl/wp-content/uploads/2025/02/472791866_1511337106921333_4954689853492825042_n.jpg","contentUrl":"https://msk.lodz.pl/wp-content/uploads/2025/02/472791866_1511337106921333_4954689853492825042_n.jpg","width":1536,"height":2048},{"@type":"BreadcrumbList","@id":"https://msk.lodz.pl/msk/premiera-zlepek-wydarzenie/#breadcrumb","itemListElement":[{"@type":"ListItem","position":1,"name":"Strona główna","item":"http://msk.lodz.pl/en/"},{"@type":"ListItem","position":2,"name":"Wydarzenia","item":"https://msk.lodz.pl/msk/"},{"@type":"ListItem","position":3,"name":"PREMIERA &#8222;ZLEPEK&#8221; // wydarzenie"}]},{"@type":"WebSite","@id":"https://msk.lodz.pl/#website","url":"https://msk.lodz.pl/","name":"MSK - Łódź","description":"","publisher":{"@id":"https://msk.lodz.pl/#organization"},"potentialAction":[{"@type":"SearchAction","target":{"@type":"EntryPoint","urlTemplate":"https://msk.lodz.pl/?s={search_term_string}"},"query-input":{"@type":"PropertyValueSpecification","valueRequired":true,"valueName":"search_term_string"}}],"inLanguage":"en-GB"},{"@type":"Organization","@id":"https://msk.lodz.pl/#organization","name":"MSK - Łódź","url":"https://msk.lodz.pl/","logo":{"@type":"ImageObject","inLanguage":"en-GB","@id":"https://msk.lodz.pl/#/schema/logo/image/","url":"https://msk.lodz.pl/wp-content/uploads/2023/04/cropped-Fav_icon_MSK.png","contentUrl":"https://msk.lodz.pl/wp-content/uploads/2023/04/cropped-Fav_icon_MSK.png","width":512,"height":512,"caption":"MSK - Łódź"},"image":{"@id":"https://msk.lodz.pl/#/schema/logo/image/"}}]}</script>
<!-- / Yoast SEO plugin. -->

„ZLEPEK” &#8211; to kabaretowy kolaż inspirowany twórczością legend polskiej sceny – od Ludwika Sempolińskiego, Juliana Tuwima i Aleksandra Fredry, po Eugeniusza Bodo, Antoniego Astona, Zofię Pawłowską, Antoniego Czechowa, Stanisława Reszkę, Ludwika Wyrwicza, Jerzego Fronta i Aleksandra Żabczyńskiego. W programie znajdą się monologi, skecze i piosenki, które przeniosą widzów w klimat przedwojennej i międzywojennej sceny kabaretowej, [&hellip;]

Strona główna

MSK - Łódź
